Last updated on 2025-02-02 18:50:17 CET.
Flavor | Version | Tinstall | Tcheck | Ttotal | Status | Flags |
---|---|---|---|---|---|---|
r-devel-linux-x86_64-debian-clang | 1.6 | 4.88 | 51.19 | 56.07 | NOTE | |
r-devel-linux-x86_64-debian-gcc | 1.6 | 3.38 | 34.98 | 38.36 | NOTE | |
r-devel-linux-x86_64-fedora-clang | 1.6 | 95.32 | OK | |||
r-devel-linux-x86_64-fedora-gcc | 1.6 | 87.88 | OK | |||
r-devel-windows-x86_64 | 1.6 | 7.00 | 89.00 | 96.00 | OK | |
r-patched-linux-x86_64 | 1.6 | 6.59 | 47.66 | 54.25 | OK | |
r-release-linux-x86_64 | 1.6 | 4.24 | 47.88 | 52.12 | OK | |
r-release-macos-arm64 | 1.6 | 36.00 | OK | |||
r-release-macos-x86_64 | 1.6 | 39.00 | OK | |||
r-release-windows-x86_64 | 1.6 | 7.00 | 79.00 | 86.00 | OK | |
r-oldrel-macos-arm64 | 1.6 | 32.00 | OK | |||
r-oldrel-macos-x86_64 | 1.6 | 58.00 | OK | |||
r-oldrel-windows-x86_64 | 1.6 | 8.00 | 89.00 | 97.00 | OK |
Version: 1.6
Check: for unstated dependencies in ‘demo’
Result: NOTE
'library' or 'require' call not declared from: ‘mvtnorm’
Flavors: r-devel-linux-x86_64-debian-clang, r-devel-linux-x86_64-debian-gcc
These binaries (installable software) and packages are in development.
They may not be fully stable and should be used with caution. We make no claims about them.