Last updated on 2025-05-01 08:52:27 CEST.
Flavor | Version | Tinstall | Tcheck | Ttotal | Status | Flags |
---|---|---|---|---|---|---|
r-devel-linux-x86_64-debian-clang | 0.15.2 | 14.69 | 660.26 | 674.95 | NOTE | |
r-devel-linux-x86_64-debian-gcc | 0.15.3 | 8.29 | 625.81 | 634.10 | OK | |
r-devel-linux-x86_64-fedora-clang | 0.15.3 | 1007.59 | OK | |||
r-devel-linux-x86_64-fedora-gcc | 0.15.3 | 1329.08 | OK | |||
r-devel-windows-x86_64 | 0.15.3 | 20.00 | 399.00 | 419.00 | OK | |
r-patched-linux-x86_64 | 0.15.3 | 15.95 | 815.03 | 830.98 | OK | |
r-release-linux-x86_64 | OK | |||||
r-release-macos-arm64 | 0.15.3 | 167.00 | OK | |||
r-release-macos-x86_64 | 0.15.3 | 863.00 | OK | |||
r-release-windows-x86_64 | 0.15.3 | 21.00 | 450.00 | 471.00 | OK | |
r-oldrel-macos-arm64 | 0.15.3 | 154.00 | OK | |||
r-oldrel-macos-x86_64 | 0.15.3 | 391.00 | OK | |||
r-oldrel-windows-x86_64 | 0.15.2 | 19.00 | 486.00 | 505.00 | OK |
Version: 0.15.2
Check: examples
Result: NOTE
Examples with CPU (user + system) or elapsed time > 5s
user system elapsed
bayesfactor 9.839 0.584 13.613
Flavor: r-devel-linux-x86_64-debian-clang
Version: 0.15.3
Check: examples
Result: NA
user system elapsed
bayesfactor 6.778 0.399 8.843
OK
Flavor: r-devel-linux-x86_64-debian-gcc
These binaries (installable software) and packages are in development.
They may not be fully stable and should be used with caution. We make no claims about them.