Last updated on 2025-02-16 10:50:42 CET.
Flavor | Version | Tinstall | Tcheck | Ttotal | Status | Flags |
---|---|---|---|---|---|---|
r-devel-linux-x86_64-debian-clang | 0.3.0 | 106.55 | 24.89 | 131.44 | OK | |
r-devel-linux-x86_64-debian-gcc | 0.3.0 | 78.33 | 19.41 | 97.74 | OK | |
r-devel-linux-x86_64-fedora-clang | 0.3.0 | 260.36 | OK | |||
r-devel-linux-x86_64-fedora-gcc | 0.3.0 | 279.79 | OK | |||
r-devel-macos-arm64 | 0.3.0 | 57.00 | OK | |||
r-devel-macos-x86_64 | 0.3.0 | 60.00 | OK | |||
r-devel-windows-x86_64 | 0.3.0 | 101.00 | 76.00 | 177.00 | OK | |
r-patched-linux-x86_64 | 0.3.0 | 96.92 | 23.01 | 119.93 | OK | |
r-release-linux-x86_64 | 0.3.0 | 112.20 | 22.93 | 135.13 | OK | |
r-release-macos-arm64 | 0.3.0 | 57.00 | NOTE | |||
r-release-macos-x86_64 | 0.3.0 | 77.00 | NOTE | |||
r-release-windows-x86_64 | 0.3.0 | 107.00 | 71.00 | 178.00 | OK | |
r-oldrel-macos-arm64 | 0.3.0 | 61.00 | NOTE | |||
r-oldrel-macos-x86_64 | 0.3.0 | 82.00 | NOTE | |||
r-oldrel-windows-x86_64 | 0.3.0 | 132.00 | 76.00 | 208.00 | OK |
Version: 0.3.0
Check: installed package size
Result: NOTE
installed size is 5.5Mb
sub-directories of 1Mb or more:
libs 5.4Mb
Flavors: r-release-macos-arm64, r-release-macos-x86_64, r-oldrel-macos-arm64, r-oldrel-macos-x86_64
These binaries (installable software) and packages are in development.
They may not be fully stable and should be used with caution. We make no claims about them.