Last updated on 2025-02-19 06:50:39 CET.
Flavor | Version | Tinstall | Tcheck | Ttotal | Status | Flags |
---|---|---|---|---|---|---|
r-devel-linux-x86_64-debian-clang | 0.2.0 | 10.93 | 86.73 | 97.66 | OK | |
r-devel-linux-x86_64-debian-gcc | 0.2.0 | 7.75 | 61.92 | 69.67 | OK | |
r-devel-linux-x86_64-fedora-clang | 0.2.0 | 150.69 | OK | |||
r-devel-linux-x86_64-fedora-gcc | 0.2.0 | 144.15 | OK | |||
r-devel-macos-arm64 | 0.2.0 | 47.00 | OK | |||
r-devel-macos-x86_64 | 0.2.0 | 92.00 | OK | |||
r-devel-windows-x86_64 | 0.2.0 | 13.00 | 92.00 | 105.00 | OK | |
r-patched-linux-x86_64 | 0.2.0 | 11.18 | 78.87 | 90.05 | OK | |
r-release-linux-x86_64 | 0.2.0 | 10.56 | 78.42 | 88.98 | OK | |
r-release-macos-arm64 | 0.2.0 | 42.00 | OK | |||
r-release-macos-x86_64 | 0.2.0 | 73.00 | OK | |||
r-release-windows-x86_64 | 0.2.0 | 12.00 | 3.00 | 15.00 | FAIL | |
r-oldrel-macos-arm64 | 0.2.0 | 49.00 | OK | |||
r-oldrel-macos-x86_64 | 0.2.0 | 70.00 | OK | |||
r-oldrel-windows-x86_64 | 0.2.0 | 16.00 | 113.00 | 129.00 | OK |
Version: 0.2.0
Check: package dependencies
Result: FAIL
Flavor: r-release-windows-x86_64
These binaries (installable software) and packages are in development.
They may not be fully stable and should be used with caution. We make no claims about them.