Last updated on 2025-11-11 15:50:28 CET.
| Flavor | Version | Tinstall | Tcheck | Ttotal | Status | Flags |
|---|---|---|---|---|---|---|
| r-devel-linux-x86_64-debian-clang | 1.0.0 | 121.12 | 131.57 | 252.69 | OK | |
| r-devel-linux-x86_64-debian-gcc | 1.0.0 | 110.62 | 103.74 | 214.36 | OK | |
| r-devel-linux-x86_64-fedora-clang | 1.0.0 | 502.00 | -72.99 | 429.01 | OK | |
| r-devel-linux-x86_64-fedora-gcc | 1.0.0 | 364.00 | 124.03 | 488.03 | OK | |
| r-devel-windows-x86_64 | 1.0.0 | 156.00 | 150.00 | 306.00 | OK | |
| r-patched-linux-x86_64 | 1.0.0 | 154.19 | 136.78 | 290.97 | OK | |
| r-release-linux-x86_64 | 1.0.0 | 141.57 | 136.05 | 277.62 | OK | |
| r-release-macos-arm64 | 1.0.0 | 51.00 | 49.00 | 100.00 | OK | |
| r-release-macos-x86_64 | 1.0.0 | 129.00 | 134.00 | 263.00 | OK | |
| r-release-windows-x86_64 | 1.0.0 | 149.00 | 143.00 | 292.00 | OK | |
| r-oldrel-macos-arm64 | 1.0.0 | 51.00 | 46.00 | 97.00 | NOTE | |
| r-oldrel-macos-x86_64 | 1.0.0 | 82.00 | 72.00 | 154.00 | NOTE | |
| r-oldrel-windows-x86_64 | 1.0.0 | 170.00 | 190.00 | 360.00 | NOTE |
Version: 1.0.0
Check: installed package size
Result: NOTE
installed size is 43.7Mb
sub-directories of 1Mb or more:
libs 43.1Mb
Flavors: r-oldrel-macos-arm64, r-oldrel-macos-x86_64
Version: 1.0.0
Check: for GNU extensions in Makefiles
Result: NOTE
GNU make is a SystemRequirements.
Flavors: r-oldrel-macos-arm64, r-oldrel-macos-x86_64, r-oldrel-windows-x86_64
These binaries (installable software) and packages are in development.
They may not be fully stable and should be used with caution. We make no claims about them.