CRAN Package Check Results for Package bbw

Last updated on 2025-05-01 08:52:27 CEST.

Flavor Version Tinstall Tcheck Ttotal Status Flags
r-devel-linux-x86_64-debian-clang 0.3.0 3.36 127.08 130.44 NOTE
r-devel-linux-x86_64-debian-gcc 0.3.0 2.77 83.35 86.12 NOTE
r-devel-linux-x86_64-fedora-clang 0.3.0 217.29 NOTE
r-devel-linux-x86_64-fedora-gcc 0.3.0 218.48 NOTE
r-devel-windows-x86_64 0.3.0 6.00 151.00 157.00 NOTE
r-patched-linux-x86_64 0.3.0 4.21 117.69 121.90 NOTE
r-release-linux-x86_64 NOTE
r-release-macos-arm64 0.3.0 67.00 NOTE
r-release-macos-x86_64 0.3.0 136.00 OK
r-release-windows-x86_64 0.3.0 6.00 147.00 153.00 NOTE
r-oldrel-macos-arm64 0.3.0 69.00 OK
r-oldrel-macos-x86_64 0.3.0 122.00 OK
r-oldrel-windows-x86_64 0.3.0 8.00 186.00 194.00 OK

Check Details

Version: 0.3.0
Check: DESCRIPTION meta-information
Result: NOTE Missing dependency on R >= 4.2.0 because package code uses the pipe placeholder syntax added in R 4.2.0. File(s) using such syntax: ‘boot_bw.R’ ‘boot_bw_estimate.R’ ‘post_strat_estimation.R’ Flavors: r-devel-linux-x86_64-debian-clang, r-devel-linux-x86_64-debian-gcc, r-devel-linux-x86_64-fedora-clang, r-devel-linux-x86_64-fedora-gcc, r-devel-windows-x86_64, r-patched-linux-x86_64, r-release-linux-x86_64, r-release-macos-arm64, r-release-windows-x86_64

Version: 0.3.0
Check: examples
Result: NOTE Examples with CPU (user + system) or elapsed time > 5s user system elapsed boot_bw_estimate 0.264 0.016 5.225 Flavor: r-devel-linux-x86_64-debian-clang

These binaries (installable software) and packages are in development.
They may not be fully stable and should be used with caution. We make no claims about them.