Last updated on 2025-05-01 08:52:27 CEST.
Flavor | Version | Tinstall | Tcheck | Ttotal | Status | Flags |
---|---|---|---|---|---|---|
r-devel-linux-x86_64-debian-clang | 1.0-6 | 29.11 | 66.60 | 95.71 | NOTE | |
r-devel-linux-x86_64-debian-gcc | 1.0-6 | 19.06 | 48.88 | 67.94 | NOTE | |
r-devel-linux-x86_64-fedora-clang | 1.0-6 | 168.12 | OK | |||
r-devel-linux-x86_64-fedora-gcc | 1.0-6 | 170.09 | OK | |||
r-devel-windows-x86_64 | 1.0-6 | 35.00 | 107.00 | 142.00 | OK | |
r-patched-linux-x86_64 | 1.0-6 | 26.40 | 63.32 | 89.72 | OK | |
r-release-linux-x86_64 | OK | |||||
r-release-macos-arm64 | 1.0-6 | 64.00 | OK | |||
r-release-macos-x86_64 | 1.0-6 | 83.00 | OK | |||
r-release-windows-x86_64 | 1.0-6 | 38.00 | 106.00 | 144.00 | OK | |
r-oldrel-macos-arm64 | 1.0-6 | 48.00 | OK | |||
r-oldrel-macos-x86_64 | 1.0-6 | 70.00 | OK | |||
r-oldrel-windows-x86_64 | 1.0-6 | 40.00 | 133.00 | 173.00 | OK |
Version: 1.0-6
Check: CRAN incoming feasibility
Result: NOTE
Maintainer: ‘Duc-Khanh To <toduc@stat.unipd.it>’
No Authors@R field in DESCRIPTION.
Please add one, modifying
Authors@R: c(person(given = "Duc-Khanh",
family = "To",
role = c("aut", "cre"),
email = "toduc@stat.unipd.it"),
person(given = c("with", "contributions", "from", "Monica"),
family = "Chiogna",
role = "aut"),
person(given = "Gianfranco",
family = "Adimari",
role = "aut"))
as necessary.
Flavors: r-devel-linux-x86_64-debian-clang, r-devel-linux-x86_64-debian-gcc
Version: 1.0-6
Check: examples
Result: NOTE
Examples with CPU (user + system) or elapsed time > 5s
user system elapsed
asy_var_vus 5.054 0 6.713
Flavor: r-devel-linux-x86_64-debian-clang
These binaries (installable software) and packages are in development.
They may not be fully stable and should be used with caution. We make no claims about them.