Last updated on 2025-05-21 21:49:10 CEST.
Flavor | Version | Tinstall | Tcheck | Ttotal | Status | Flags |
---|---|---|---|---|---|---|
r-devel-linux-x86_64-debian-clang | 2.0.2 | 82.84 | 32.09 | 114.93 | NOTE | |
r-devel-linux-x86_64-debian-gcc | 2.0.2 | 57.00 | 25.54 | 82.54 | NOTE | |
r-devel-linux-x86_64-fedora-clang | 2.0.2 | 219.95 | OK | |||
r-devel-linux-x86_64-fedora-gcc | 2.0.2 | 235.32 | OK | |||
r-devel-windows-x86_64 | 2.0.2 | 95.00 | 82.00 | 177.00 | OK | |
r-patched-linux-x86_64 | 2.0.2 | 80.39 | 31.05 | 111.44 | OK | |
r-release-linux-x86_64 | 2.0.2 | 78.13 | 31.12 | 109.25 | OK | |
r-release-macos-arm64 | 2.0.2 | 66.00 | OK | |||
r-release-macos-x86_64 | 2.0.2 | 70.00 | OK | |||
r-release-windows-x86_64 | 2.0.2 | 96.00 | 78.00 | 174.00 | OK | |
r-oldrel-macos-arm64 | 2.0.2 | 35.00 | NOTE | |||
r-oldrel-macos-x86_64 | 2.0.2 | 45.00 | NOTE | |||
r-oldrel-windows-x86_64 | 2.0.2 | 109.00 | 88.00 | 197.00 | NOTE |
Version: 2.0.2
Check: CRAN incoming feasibility
Result: NOTE
Maintainer: ‘Jared S. Murray <jared.murray@mccombs.utexas.edu>’
The Description field contains
<arXiv:1309.1906>.
Please refer to arXiv e-prints via their arXiv DOI <doi:10.48550/arXiv.YYMM.NNNNN>.
Flavors: r-devel-linux-x86_64-debian-clang, r-devel-linux-x86_64-debian-gcc
Version: 2.0.2
Check: installed package size
Result: NOTE
installed size is 7.5Mb
sub-directories of 1Mb or more:
libs 6.4Mb
Flavors: r-oldrel-macos-arm64, r-oldrel-macos-x86_64
Version: 2.0.2
Check: for GNU extensions in Makefiles
Result: NOTE
GNU make is a SystemRequirements.
Flavors: r-oldrel-macos-arm64, r-oldrel-macos-x86_64, r-oldrel-windows-x86_64
These binaries (installable software) and packages are in development.
They may not be fully stable and should be used with caution. We make no claims about them.