Last updated on 2025-10-23 11:50:07 CEST.
Flavor | Version | Tinstall | Tcheck | Ttotal | Status | Flags |
---|---|---|---|---|---|---|
r-devel-linux-x86_64-debian-clang | 0.4.6 | 1.86 | 25.05 | 26.91 | NOTE | |
r-devel-linux-x86_64-debian-gcc | 0.4.6 | 1.66 | 21.02 | 22.68 | OK | |
r-devel-linux-x86_64-fedora-clang | 0.4.6 | 16.00 | 24.32 | 40.32 | OK | |
r-devel-linux-x86_64-fedora-gcc | 0.4.6 | 36.70 | OK | |||
r-devel-windows-x86_64 | 0.4.6 | 4.00 | 42.00 | 46.00 | OK | |
r-patched-linux-x86_64 | 0.4.6 | 2.05 | 22.74 | 24.79 | OK | |
r-release-linux-x86_64 | 0.4.6 | 2.05 | 22.81 | 24.86 | OK | |
r-release-macos-arm64 | 0.4.6 | 1.00 | 20.00 | 21.00 | OK | |
r-release-macos-x86_64 | 0.4.6 | 2.00 | 27.00 | 29.00 | OK | |
r-release-windows-x86_64 | 0.4.6 | 3.00 | 45.00 | 48.00 | OK | |
r-oldrel-macos-arm64 | 0.4.6 | 1.00 | 22.00 | 23.00 | OK | |
r-oldrel-macos-x86_64 | 0.4.6 | 2.00 | 30.00 | 32.00 | OK | |
r-oldrel-windows-x86_64 | 0.4.6 | 4.00 | 49.00 | 53.00 | OK |
Version: 0.4.6
Check: HTML version of manual
Result: NOTE
Found the following HTML validation problems:
SQLServerCLIVersions.html:48:1 (SQLServerCLIVersions.Rd:14): Warning: missing </ul> before </div>
Flavor: r-devel-linux-x86_64-debian-clang
These binaries (installable software) and packages are in development.
They may not be fully stable and should be used with caution. We make no claims about them.