CRAN Package Check Results for Package bcrm

Last updated on 2025-05-08 04:51:59 CEST.

Flavor Version Tinstall Tcheck Ttotal Status Flags
r-devel-linux-x86_64-debian-clang 0.5.4 8.69 57.90 66.59 OK
r-devel-linux-x86_64-debian-gcc 0.5.4 5.20 40.20 45.40 OK
r-devel-linux-x86_64-fedora-clang 0.5.4 96.48 NOTE
r-devel-linux-x86_64-fedora-gcc 0.5.4 98.96 NOTE
r-devel-windows-x86_64 0.5.4 9.00 69.00 78.00 OK
r-patched-linux-x86_64 0.5.4 8.30 52.59 60.89 OK
r-release-linux-x86_64 0.5.4 7.76 52.68 60.44 OK
r-release-macos-arm64 0.5.4 32.00 OK
r-release-macos-x86_64 0.5.4 48.00 OK
r-release-windows-x86_64 0.5.4 9.00 68.00 77.00 OK
r-oldrel-macos-arm64 0.5.4 27.00 NOTE
r-oldrel-macos-x86_64 0.5.4 42.00 NOTE
r-oldrel-windows-x86_64 0.5.4 11.00 84.00 95.00 NOTE

Check Details

Version: 0.5.4
Check: dependencies in R code
Result: NOTE Namespaces in Imports field not imported from: ‘knitr’ ‘rlang’ All declared Imports should be used. Flavors: r-devel-linux-x86_64-fedora-clang, r-devel-linux-x86_64-fedora-gcc

Version: 0.5.4
Check: package dependencies
Result: NOTE Package suggested but not available for checking: ‘BRugs’ Flavors: r-oldrel-macos-arm64, r-oldrel-macos-x86_64, r-oldrel-windows-x86_64

These binaries (installable software) and packages are in development.
They may not be fully stable and should be used with caution. We make no claims about them.