Last updated on 2025-11-11 15:50:28 CET.
| Flavor | Version | Tinstall | Tcheck | Ttotal | Status | Flags |
|---|---|---|---|---|---|---|
| r-devel-linux-x86_64-debian-clang | 0.1.15 | 4.56 | 42.95 | 47.51 | OK | |
| r-devel-linux-x86_64-debian-gcc | 0.1.15 | 3.94 | 32.30 | 36.24 | OK | |
| r-devel-linux-x86_64-fedora-clang | 0.1.15 | 24.00 | 54.15 | 78.15 | OK | |
| r-devel-linux-x86_64-fedora-gcc | 0.1.15 | 11.00 | 58.56 | 69.56 | OK | |
| r-devel-windows-x86_64 | 0.1.15 | 8.00 | 58.00 | 66.00 | OK | |
| r-patched-linux-x86_64 | 0.1.15 | 4.71 | 40.73 | 45.44 | OK | |
| r-release-linux-x86_64 | 0.1.15 | 4.23 | 41.80 | 46.03 | OK | |
| r-release-macos-arm64 | 0.1.15 | 3.00 | 25.00 | 28.00 | OK | |
| r-release-macos-x86_64 | 0.1.15 | 4.00 | 37.00 | 41.00 | OK | |
| r-release-windows-x86_64 | 0.1.15 | 8.00 | 56.00 | 64.00 | OK | |
| r-oldrel-macos-arm64 | 0.1.15 | 2.00 | 23.00 | 25.00 | NOTE | |
| r-oldrel-macos-x86_64 | 0.1.15 | 4.00 | 33.00 | 37.00 | NOTE | |
| r-oldrel-windows-x86_64 | 0.1.15 | 10.00 | 68.00 | 78.00 | NOTE |
Version: 0.1.15
Check: LazyData
Result: NOTE
'LazyData' is specified without a 'data' directory
Flavors: r-oldrel-macos-arm64, r-oldrel-macos-x86_64, r-oldrel-windows-x86_64
These binaries (installable software) and packages are in development.
They may not be fully stable and should be used with caution. We make no claims about them.