CRAN Package Check Results for Package bdDwC

Last updated on 2025-05-22 06:51:40 CEST.

Flavor Version Tinstall Tcheck Ttotal Status Flags
r-devel-linux-x86_64-debian-clang 0.1.15 5.08 41.79 46.87 OK
r-devel-linux-x86_64-debian-gcc 0.1.15 3.86 31.53 35.39 OK
r-devel-linux-x86_64-fedora-clang 0.1.15 72.11 OK
r-devel-linux-x86_64-fedora-gcc 0.1.15 67.70 OK
r-devel-windows-x86_64 0.1.15 8.00 67.00 75.00 OK
r-patched-linux-x86_64 0.1.15 5.30 39.62 44.92 OK
r-release-linux-x86_64 0.1.15 4.87 39.32 44.19 OK
r-release-macos-arm64 0.1.15 28.00 OK
r-release-macos-x86_64 0.1.15 41.00 OK
r-release-windows-x86_64 0.1.15 8.00 80.00 88.00 OK
r-oldrel-macos-arm64 0.1.15 25.00 NOTE
r-oldrel-macos-x86_64 0.1.15 37.00 NOTE
r-oldrel-windows-x86_64 0.1.15 8.00 70.00 78.00 NOTE

Check Details

Version: 0.1.15
Check: LazyData
Result: NOTE 'LazyData' is specified without a 'data' directory Flavors: r-oldrel-macos-arm64, r-oldrel-macos-x86_64, r-oldrel-windows-x86_64

These binaries (installable software) and packages are in development.
They may not be fully stable and should be used with caution. We make no claims about them.