Last updated on 2025-07-04 17:54:26 CEST.
Flavor | Version | Tinstall | Tcheck | Ttotal | Status | Flags |
---|---|---|---|---|---|---|
r-devel-linux-x86_64-debian-clang | 0.1.15 | 5.34 | 43.00 | 48.34 | OK | |
r-devel-linux-x86_64-debian-gcc | 0.1.15 | 3.94 | 32.09 | 36.03 | OK | |
r-devel-linux-x86_64-fedora-clang | 0.1.15 | 72.45 | OK | |||
r-devel-linux-x86_64-fedora-gcc | 0.1.15 | 68.31 | OK | |||
r-devel-windows-x86_64 | 0.1.15 | 7.00 | 59.00 | 66.00 | OK | |
r-patched-linux-x86_64 | 0.1.15 | 5.19 | 39.59 | 44.78 | OK | |
r-release-linux-x86_64 | 0.1.15 | 4.99 | 39.48 | 44.47 | OK | |
r-release-macos-arm64 | 0.1.15 | 28.00 | OK | |||
r-release-macos-x86_64 | 0.1.15 | 41.00 | OK | |||
r-release-windows-x86_64 | 0.1.15 | 7.00 | 56.00 | 63.00 | OK | |
r-oldrel-macos-arm64 | 0.1.15 | 25.00 | NOTE | |||
r-oldrel-macos-x86_64 | 0.1.15 | 37.00 | NOTE | |||
r-oldrel-windows-x86_64 | 0.1.15 | 9.00 | 111.00 | 120.00 | NOTE |
Version: 0.1.15
Check: LazyData
Result: NOTE
'LazyData' is specified without a 'data' directory
Flavors: r-oldrel-macos-arm64, r-oldrel-macos-x86_64, r-oldrel-windows-x86_64
These binaries (installable software) and packages are in development.
They may not be fully stable and should be used with caution. We make no claims about them.