Last updated on 2025-05-07 15:49:11 CEST.
Flavor | Version | Tinstall | Tcheck | Ttotal | Status | Flags |
---|---|---|---|---|---|---|
r-devel-linux-x86_64-debian-clang | 1.0.1.1 | 14.53 | 82.78 | 97.31 | NOTE | |
r-devel-linux-x86_64-debian-gcc | 1.0.1.1 | 8.28 | 55.72 | 64.00 | NOTE | |
r-devel-linux-x86_64-fedora-clang | 1.0.1.1 | 141.52 | NOTE | |||
r-devel-linux-x86_64-fedora-gcc | 1.0.1.1 | 140.52 | NOTE | |||
r-devel-windows-x86_64 | 1.0.1.1 | 15.00 | 99.00 | 114.00 | NOTE | |
r-patched-linux-x86_64 | 1.0.1.1 | 14.90 | 76.56 | 91.46 | NOTE | |
r-release-linux-x86_64 | 1.0.1.1 | 13.31 | 77.76 | 91.07 | NOTE | |
r-release-macos-arm64 | 1.0.1.1 | 45.00 | NOTE | |||
r-release-macos-x86_64 | 1.0.1.1 | 70.00 | NOTE | |||
r-release-windows-x86_64 | 1.0.1.1 | 17.00 | 100.00 | 117.00 | NOTE | |
r-oldrel-macos-arm64 | 1.0.1.1 | 37.00 | NOTE | |||
r-oldrel-macos-x86_64 | 1.0.1.1 | 57.00 | NOTE | |||
r-oldrel-windows-x86_64 | 1.0.1.1 | 19.00 | 120.00 | 139.00 | NOTE |
Version: 1.0.1.1
Check: CRAN incoming feasibility
Result: NOTE
Maintainer: ‘Guzman Santafe <guzman.santafe@unavarra.es>’
No Authors@R field in DESCRIPTION.
Please add one, modifying
Authors@R: c(person(given = "Guzman",
family = "Santafe",
role = c("aut", "cre"),
email = "guzman.santafe@unavarra.es"),
person(given = "Borja",
family = "Calvo",
role = "aut"),
person(given = "Aritz",
family = "Perez",
role = "aut"),
person(given = c("Jose", "A."),
family = "Lozano",
role = "aut"))
as necessary.
Flavors: r-devel-linux-x86_64-debian-clang, r-devel-linux-x86_64-debian-gcc
Version: 1.0.1.1
Check: Rd files
Result: NOTE
checkRd: (-1) bde.Rd:20: Lost braces in \itemize; meant \describe ?
checkRd: (-1) bde.Rd:21: Lost braces in \itemize; meant \describe ?
checkRd: (-1) bde.Rd:22: Lost braces in \itemize; meant \describe ?
checkRd: (-1) bde.Rd:23: Lost braces in \itemize; meant \describe ?
checkRd: (-1) bde.Rd:34: Lost braces in \itemize; meant \describe ?
checkRd: (-1) bde.Rd:35: Lost braces in \itemize; meant \describe ?
checkRd: (-1) bde.Rd:36: Lost braces in \itemize; meant \describe ?
checkRd: (-1) bde.Rd:37: Lost braces in \itemize; meant \describe ?
checkRd: (-1) bde.Rd:42: Lost braces in \itemize; meant \describe ?
checkRd: (-1) bde.Rd:47: Lost braces in \itemize; meant \describe ?
checkRd: (-1) bde.Rd:48: Lost braces in \itemize; meant \describe ?
checkRd: (-1) bde.Rd:49: Lost braces in \itemize; meant \describe ?
checkRd: (-1) bde.Rd:54: Lost braces in \itemize; meant \describe ?
checkRd: (-1) bde.Rd:55: Lost braces in \itemize; meant \describe ?
checkRd: (-1) bde.Rd:56: Lost braces in \itemize; meant \describe ?
Flavors: r-devel-linux-x86_64-debian-clang, r-devel-linux-x86_64-debian-gcc, r-devel-linux-x86_64-fedora-clang, r-devel-linux-x86_64-fedora-gcc, r-devel-windows-x86_64, r-patched-linux-x86_64, r-release-linux-x86_64, r-release-macos-arm64, r-release-macos-x86_64, r-release-windows-x86_64, r-oldrel-macos-arm64, r-oldrel-macos-x86_64, r-oldrel-windows-x86_64
These binaries (installable software) and packages are in development.
They may not be fully stable and should be used with caution. We make no claims about them.