CRAN Package Check Results for Package bdribs

Last updated on 2025-02-16 10:50:42 CET.

Flavor Version Tinstall Tcheck Ttotal Status Flags
r-devel-linux-x86_64-debian-clang 1.0.4 2.21 22.36 24.57 NOTE
r-devel-linux-x86_64-debian-gcc 1.0.4 1.78 18.03 19.81 NOTE
r-devel-linux-x86_64-fedora-clang 1.0.4 40.56 NOTE
r-devel-linux-x86_64-fedora-gcc 1.0.4 38.19 NOTE
r-devel-macos-arm64 1.0.4 18.00 OK
r-devel-macos-x86_64 1.0.4 53.00 OK
r-devel-windows-x86_64 1.0.4 3.00 54.00 57.00 OK
r-patched-linux-x86_64 1.0.4 2.19 21.62 23.81 NOTE
r-release-linux-x86_64 1.0.4 2.10 21.82 23.92 NOTE
r-release-macos-arm64 1.0.4 21.00 NOTE
r-release-macos-x86_64 1.0.4 36.00 NOTE
r-release-windows-x86_64 1.0.4 4.00 50.00 54.00 NOTE
r-oldrel-macos-arm64 1.0.4 18.00 NOTE
r-oldrel-macos-x86_64 1.0.4 23.00 NOTE
r-oldrel-windows-x86_64 1.0.4 4.00 44.00 48.00 NOTE

Check Details

Version: 1.0.4
Check: for non-standard things in the check directory
Result: NOTE Found the following files/directories: ‘dump.txt’ Flavors: r-devel-linux-x86_64-debian-clang, r-devel-linux-x86_64-debian-gcc, r-devel-linux-x86_64-fedora-clang, r-devel-linux-x86_64-fedora-gcc, r-patched-linux-x86_64, r-release-linux-x86_64

Version: 1.0.4
Check: LazyData
Result: NOTE 'LazyData' is specified without a 'data' directory Flavors: r-patched-linux-x86_64, r-release-linux-x86_64, r-release-macos-arm64, r-release-macos-x86_64, r-release-windows-x86_64, r-oldrel-macos-arm64, r-oldrel-macos-x86_64, r-oldrel-windows-x86_64

These binaries (installable software) and packages are in development.
They may not be fully stable and should be used with caution. We make no claims about them.