Last updated on 2025-10-31 09:50:11 CET.
| Flavor | Version | Tinstall | Tcheck | Ttotal | Status | Flags | 
|---|---|---|---|---|---|---|
| r-devel-linux-x86_64-debian-clang | 1.0.4 | 2.36 | 24.90 | 27.26 | NOTE | |
| r-devel-linux-x86_64-debian-gcc | 1.0.4 | 1.70 | 19.88 | 21.58 | NOTE | |
| r-devel-linux-x86_64-fedora-clang | 1.0.4 | 15.00 | 27.71 | 42.71 | NOTE | |
| r-devel-linux-x86_64-fedora-gcc | 1.0.4 | 38.90 | NOTE | |||
| r-devel-windows-x86_64 | 1.0.4 | 4.00 | 44.00 | 48.00 | OK | |
| r-patched-linux-x86_64 | 1.0.4 | 1.99 | 23.60 | 25.59 | NOTE | |
| r-release-linux-x86_64 | 1.0.4 | 2.15 | 23.17 | 25.32 | NOTE | |
| r-release-macos-arm64 | 1.0.4 | 2.00 | 18.00 | 20.00 | OK | |
| r-release-macos-x86_64 | 1.0.4 | 2.00 | 26.00 | 28.00 | OK | |
| r-release-windows-x86_64 | 1.0.4 | 3.00 | 47.00 | 50.00 | OK | |
| r-oldrel-macos-arm64 | 1.0.4 | 1.00 | 20.00 | 21.00 | NOTE | |
| r-oldrel-macos-x86_64 | 1.0.4 | 3.00 | 33.00 | 36.00 | NOTE | |
| r-oldrel-windows-x86_64 | 1.0.4 | 4.00 | 50.00 | 54.00 | NOTE | 
Version: 1.0.4
Check: for non-standard things in the check directory
Result: NOTE
  Found the following files/directories:
    ‘dump.txt’
Flavors: r-devel-linux-x86_64-debian-clang, r-devel-linux-x86_64-debian-gcc, r-devel-linux-x86_64-fedora-clang, r-devel-linux-x86_64-fedora-gcc, r-patched-linux-x86_64, r-release-linux-x86_64
Version: 1.0.4
Check: LazyData
Result: NOTE
    'LazyData' is specified without a 'data' directory
Flavors: r-oldrel-macos-arm64, r-oldrel-macos-x86_64, r-oldrel-windows-x86_64
These binaries (installable software) and packages are in development.
They may not be fully stable and should be used with caution. We make no claims about them.