Last updated on 2025-02-07 05:50:32 CET.
Flavor | Version | Tinstall | Tcheck | Ttotal | Status | Flags |
---|---|---|---|---|---|---|
r-devel-linux-x86_64-debian-clang | 1.0.6 | 7.21 | 54.70 | 61.91 | OK | |
r-devel-linux-x86_64-debian-gcc | 1.0.6 | 5.26 | 39.94 | 45.20 | OK | |
r-devel-linux-x86_64-fedora-clang | 1.0.6 | 99.30 | NOTE | |||
r-devel-linux-x86_64-fedora-gcc | 1.0.6 | 92.15 | NOTE | |||
r-devel-windows-x86_64 | 1.0.6 | 8.00 | 68.00 | 76.00 | OK | |
r-patched-linux-x86_64 | 1.0.6 | 6.61 | 51.04 | 57.65 | OK | |
r-release-linux-x86_64 | 1.0.6 | 6.67 | 50.08 | 56.75 | OK | |
r-release-macos-arm64 | 1.0.6 | 34.00 | OK | |||
r-release-macos-x86_64 | 1.0.6 | 54.00 | OK | |||
r-release-windows-x86_64 | 1.0.6 | 8.00 | 69.00 | 77.00 | OK | |
r-oldrel-macos-arm64 | 1.0.6 | 34.00 | OK | |||
r-oldrel-macos-x86_64 | 1.0.6 | 54.00 | OK | |||
r-oldrel-windows-x86_64 | 1.0.6 | 11.00 | 81.00 | 92.00 | OK |
Version: 1.0.6
Check: dependencies in R code
Result: NOTE
Namespaces in Imports field not imported from:
‘Rcpp’ ‘chron’ ‘colorspace’ ‘gtable’ ‘htmltools’ ‘htmlwidgets’
‘httpuv’ ‘magrittr’ ‘munsell’ ‘plyr’ ‘scales’ ‘stringi’ ‘xtable’
‘yaml’
All declared Imports should be used.
Flavors: r-devel-linux-x86_64-fedora-clang, r-devel-linux-x86_64-fedora-gcc
These binaries (installable software) and packages are in development.
They may not be fully stable and should be used with caution. We make no claims about them.