Last updated on 2025-10-03 13:49:27 CEST.
Flavor | Version | Tinstall | Tcheck | Ttotal | Status | Flags |
---|---|---|---|---|---|---|
r-devel-linux-x86_64-debian-clang | 1.0.6 | 8.11 | 70.63 | 78.74 | OK | |
r-devel-linux-x86_64-debian-gcc | 1.0.6 | 6.16 | 48.76 | 54.92 | OK | |
r-devel-linux-x86_64-fedora-clang | 1.0.6 | 123.73 | NOTE | |||
r-devel-linux-x86_64-fedora-gcc | 1.0.6 | 123.46 | NOTE | |||
r-devel-windows-x86_64 | 1.0.6 | 11.00 | 77.00 | 88.00 | OK | |
r-patched-linux-x86_64 | 1.0.6 | 6.65 | 63.48 | 70.13 | OK | |
r-release-linux-x86_64 | 1.0.6 | 7.86 | 66.52 | 74.38 | OK | |
r-release-macos-arm64 | 1.0.6 | 41.00 | OK | |||
r-release-macos-x86_64 | 1.0.6 | 56.00 | OK | |||
r-release-windows-x86_64 | 1.0.6 | 11.00 | 78.00 | 89.00 | OK | |
r-oldrel-macos-arm64 | 1.0.6 | 34.00 | OK | |||
r-oldrel-macos-x86_64 | 1.0.6 | 54.00 | OK | |||
r-oldrel-windows-x86_64 | 1.0.6 | 14.00 | 94.00 | 108.00 | OK |
Version: 1.0.6
Check: dependencies in R code
Result: NOTE
Namespaces in Imports field not imported from:
‘Rcpp’ ‘chron’ ‘colorspace’ ‘gtable’ ‘htmltools’ ‘htmlwidgets’
‘httpuv’ ‘magrittr’ ‘munsell’ ‘plyr’ ‘scales’ ‘stringi’ ‘xtable’
‘yaml’
All declared Imports should be used.
Flavors: r-devel-linux-x86_64-fedora-clang, r-devel-linux-x86_64-fedora-gcc
These binaries (installable software) and packages are in development.
They may not be fully stable and should be used with caution. We make no claims about them.