Last updated on 2025-05-01 08:52:27 CEST.
Flavor | Version | Tinstall | Tcheck | Ttotal | Status | Flags |
---|---|---|---|---|---|---|
r-devel-linux-x86_64-debian-clang | 0.5.0 | 4.58 | 186.35 | 190.93 | NOTE | |
r-devel-linux-x86_64-debian-gcc | 0.5.0 | 2.73 | 124.75 | 127.48 | OK | |
r-devel-linux-x86_64-fedora-clang | 0.5.0 | 294.37 | OK | |||
r-devel-linux-x86_64-fedora-gcc | 0.5.0 | 324.92 | OK | |||
r-devel-windows-x86_64 | 0.5.0 | 7.00 | 207.00 | 214.00 | OK | |
r-patched-linux-x86_64 | 0.5.0 | 4.80 | 178.27 | 183.07 | OK | |
r-release-linux-x86_64 | OK | |||||
r-release-macos-arm64 | 0.5.0 | 103.00 | OK | |||
r-release-macos-x86_64 | 0.5.0 | 214.00 | OK | |||
r-release-windows-x86_64 | 0.5.0 | 7.00 | 213.00 | 220.00 | OK | |
r-oldrel-macos-arm64 | 0.5.0 | 101.00 | OK | |||
r-oldrel-macos-x86_64 | 0.5.0 | 159.00 | OK | |||
r-oldrel-windows-x86_64 | 0.5.0 | 8.00 | 259.00 | 267.00 | OK |
Version: 0.5.0
Check: examples
Result: NOTE
Examples with CPU (user + system) or elapsed time > 5s
user system elapsed
cluster_events 3.029 0.277 5.217
Flavor: r-devel-linux-x86_64-debian-clang
These binaries (installable software) and packages are in development.
They may not be fully stable and should be used with caution. We make no claims about them.