Last updated on 2025-07-11 13:48:21 CEST.
Flavor | Version | Tinstall | Tcheck | Ttotal | Status | Flags |
---|---|---|---|---|---|---|
r-devel-linux-x86_64-debian-clang | 2.0.4 | 40.31 | 74.45 | 114.76 | OK | |
r-devel-linux-x86_64-debian-gcc | 2.0.4 | 28.52 | 54.98 | 83.50 | OK | |
r-devel-linux-x86_64-fedora-clang | 2.0.4 | 188.04 | OK | |||
r-devel-linux-x86_64-fedora-gcc | 2.0.4 | 189.56 | OK | |||
r-devel-windows-x86_64 | 2.0.4 | 49.00 | 98.00 | 147.00 | OK | |
r-patched-linux-x86_64 | 2.0.4 | 42.44 | 70.58 | 113.02 | OK | |
r-release-linux-x86_64 | 2.0.4 | 41.94 | 70.53 | 112.47 | OK | |
r-release-macos-arm64 | 2.0.4 | 55.00 | OK | |||
r-release-macos-x86_64 | 2.0.4 | 132.00 | OK | |||
r-release-windows-x86_64 | 2.0.4 | 50.00 | 101.00 | 151.00 | OK | |
r-oldrel-macos-arm64 | 2.0.4 | 54.00 | OK | |||
r-oldrel-macos-x86_64 | 2.0.4 | 146.00 | NOTE | |||
r-oldrel-windows-x86_64 | 2.0.4 | 64.00 | 125.00 | 189.00 | OK |
Version: 2.0.4
Check: installed package size
Result: NOTE
installed size is 5.0Mb
sub-directories of 1Mb or more:
libs 4.4Mb
Flavor: r-oldrel-macos-x86_64
These binaries (installable software) and packages are in development.
They may not be fully stable and should be used with caution. We make no claims about them.