Last updated on 2025-11-11 15:50:28 CET.
| Flavor | Version | Tinstall | Tcheck | Ttotal | Status | Flags |
|---|---|---|---|---|---|---|
| r-devel-linux-x86_64-debian-clang | 2.0.4 | 39.55 | 75.05 | 114.60 | OK | |
| r-devel-linux-x86_64-debian-gcc | 2.0.4 | 29.73 | 58.13 | 87.86 | OK | |
| r-devel-linux-x86_64-fedora-clang | 2.0.4 | 156.00 | 46.43 | 202.43 | OK | |
| r-devel-linux-x86_64-fedora-gcc | 2.0.4 | 101.00 | 87.11 | 188.11 | OK | |
| r-devel-windows-x86_64 | 2.0.4 | 51.00 | 100.00 | 151.00 | OK | |
| r-patched-linux-x86_64 | 2.0.4 | 40.16 | 71.35 | 111.51 | OK | |
| r-release-linux-x86_64 | 2.0.4 | 42.59 | 72.09 | 114.68 | OK | |
| r-release-macos-arm64 | 2.0.4 | 21.00 | 34.00 | 55.00 | OK | |
| r-release-macos-x86_64 | 2.0.4 | 50.00 | 82.00 | 132.00 | OK | |
| r-release-windows-x86_64 | 2.0.4 | 51.00 | 100.00 | 151.00 | OK | |
| r-oldrel-macos-arm64 | 2.0.4 | 16.00 | 38.00 | 54.00 | OK | |
| r-oldrel-macos-x86_64 | 2.0.4 | 59.00 | 87.00 | 146.00 | NOTE | |
| r-oldrel-windows-x86_64 | 2.0.4 | 61.00 | 127.00 | 188.00 | OK |
Version: 2.0.4
Check: installed package size
Result: NOTE
installed size is 5.0Mb
sub-directories of 1Mb or more:
libs 4.4Mb
Flavor: r-oldrel-macos-x86_64
These binaries (installable software) and packages are in development.
They may not be fully stable and should be used with caution. We make no claims about them.