CRAN Package Check Results for Package beastt

Last updated on 2025-07-26 01:50:44 CEST.

Flavor Version Tinstall Tcheck Ttotal Status Flags
r-devel-linux-x86_64-debian-clang 0.0.3 214.32 311.06 525.38 OK
r-devel-linux-x86_64-debian-gcc 0.0.3 203.06 236.55 439.61 OK
r-devel-linux-x86_64-fedora-clang 0.0.3 818.33 OK
r-devel-linux-x86_64-fedora-gcc 0.0.3 954.10 OK
r-devel-windows-x86_64 0.0.3 265.00 342.00 607.00 OK
r-patched-linux-x86_64 0.0.3 258.71 318.49 577.20 OK
r-release-linux-x86_64 0.0.3 255.60 318.13 573.73 OK
r-release-macos-arm64 0.0.3 175.00 OK
r-release-macos-x86_64 0.0.3 434.00 OK
r-release-windows-x86_64 0.0.3 251.00 355.00 606.00 OK
r-oldrel-macos-arm64 0.0.3 223.00 NOTE
r-oldrel-macos-x86_64 0.0.3 218.00 NOTE
r-oldrel-windows-x86_64 0.0.3 282.00 461.00 743.00 NOTE

Check Details

Version: 0.0.3
Check: installed package size
Result: NOTE installed size is 50.5Mb sub-directories of 1Mb or more: libs 49.1Mb Flavors: r-oldrel-macos-arm64, r-oldrel-macos-x86_64

Version: 0.0.3
Check: for GNU extensions in Makefiles
Result: NOTE GNU make is a SystemRequirements. Flavors: r-oldrel-macos-arm64, r-oldrel-macos-x86_64, r-oldrel-windows-x86_64

These binaries (installable software) and packages are in development.
They may not be fully stable and should be used with caution. We make no claims about them.