Last updated on 2025-02-16 10:50:42 CET.
Flavor | Version | Tinstall | Tcheck | Ttotal | Status | Flags |
---|---|---|---|---|---|---|
r-devel-linux-x86_64-debian-clang | 0.3.2 | 3.45 | 32.21 | 35.66 | NOTE | |
r-devel-linux-x86_64-debian-gcc | 0.3.2 | 2.31 | 24.73 | 27.04 | NOTE | |
r-devel-linux-x86_64-fedora-clang | 0.3.2 | 59.10 | NOTE | |||
r-devel-linux-x86_64-fedora-gcc | 0.3.2 | 53.65 | NOTE | |||
r-devel-macos-arm64 | 0.3.2 | 23.00 | OK | |||
r-devel-macos-x86_64 | 0.3.2 | 52.00 | NOTE | |||
r-devel-windows-x86_64 | 0.3.2 | 5.00 | 59.00 | 64.00 | NOTE | |
r-patched-linux-x86_64 | 0.3.2 | 3.54 | 30.06 | 33.60 | OK | |
r-release-linux-x86_64 | 0.3.2 | 2.80 | 30.16 | 32.96 | OK | |
r-release-macos-arm64 | 0.3.2 | 27.00 | OK | |||
r-release-macos-x86_64 | 0.3.2 | 36.00 | OK | |||
r-release-windows-x86_64 | 0.3.2 | 5.00 | 58.00 | 63.00 | OK | |
r-oldrel-macos-arm64 | 0.3.2 | 27.00 | OK | |||
r-oldrel-macos-x86_64 | 0.3.2 | 40.00 | OK | |||
r-oldrel-windows-x86_64 | 0.3.2 | 6.00 | 66.00 | 72.00 | OK |
Version: 0.3.2
Check: DESCRIPTION meta-information
Result: NOTE
Missing dependency on R >= 4.2.0 because package code uses the pipe
placeholder syntax added in R 4.2.0.
File(s) using such syntax:
‘fitting.R’
Flavors: r-devel-linux-x86_64-debian-clang, r-devel-linux-x86_64-debian-gcc, r-devel-linux-x86_64-fedora-clang, r-devel-linux-x86_64-fedora-gcc, r-devel-windows-x86_64
Version: 0.3.2
Check: DESCRIPTION meta-information
Result: NOTE
Missing dependency on R >= 4.1.0 because package code uses the pipe
|> or function shorthand \(...) syntax added in R 4.1.0.
File(s) using such syntax:
‘fitting.R’ ‘fivetrial.R’ ‘mcq.R’ ‘utils.R’
Flavor: r-devel-macos-x86_64
These binaries (installable software) and packages are in development.
They may not be fully stable and should be used with caution. We make no claims about them.