CRAN Package Check Results for Package behaviorchange

Last updated on 2025-02-16 12:53:29 CET.

Flavor Version Tinstall Tcheck Ttotal Status Flags
r-devel-linux-x86_64-debian-clang 0.5.5 11.45 93.80 105.25 NOTE
r-devel-linux-x86_64-debian-gcc 0.5.5 6.56 67.99 74.55 NOTE
r-devel-linux-x86_64-fedora-clang 0.5.5 186.39 OK
r-devel-linux-x86_64-fedora-gcc 0.5.5 183.14 OK
r-devel-macos-arm64 0.5.5 68.00 OK
r-devel-macos-x86_64 0.5.5 145.00 OK
r-devel-windows-x86_64 0.5.5 13.00 109.00 122.00 NOTE
r-patched-linux-x86_64 0.5.5 18.11 89.22 107.33 OK
r-release-linux-x86_64 0.5.5 11.70 89.56 101.26 OK
r-release-macos-arm64 0.5.5 57.00 OK
r-release-macos-x86_64 0.5.5 89.00 OK
r-release-windows-x86_64 0.5.5 15.00 110.00 125.00 OK
r-oldrel-macos-arm64 0.5.5 57.00 OK
r-oldrel-macos-x86_64 0.5.5 83.00 OK
r-oldrel-windows-x86_64 0.5.5 18.00 127.00 145.00 OK

Check Details

Version: 0.5.5
Check: Rd cross-references
Result: NOTE Found the following Rd file(s) with Rd \link{} targets missing package anchors: CIBER.Rd: ggplot2, biAxisDiamondPlot, diamondPlot, gtable determinantStructure.Rd: data.tree Please provide package anchors for all Rd \link{} targets not in the package itself and the base packages. Flavors: r-devel-linux-x86_64-debian-clang, r-devel-linux-x86_64-debian-gcc, r-devel-windows-x86_64

These binaries (installable software) and packages are in development.
They may not be fully stable and should be used with caution. We make no claims about them.