CRAN Package Check Results for Package behaviorchange

Last updated on 2025-07-26 01:50:44 CEST.

Flavor Version Tinstall Tcheck Ttotal Status Flags
r-devel-linux-x86_64-debian-clang 0.5.5 10.86 99.75 110.61 NOTE
r-devel-linux-x86_64-debian-gcc 0.5.5 6.43 72.93 79.36 NOTE
r-devel-linux-x86_64-fedora-clang 0.5.5 171.42 OK
r-devel-linux-x86_64-fedora-gcc 0.5.5 182.32 OK
r-devel-windows-x86_64 0.5.5 15.00 111.00 126.00 NOTE
r-patched-linux-x86_64 0.5.5 11.78 93.79 105.57 NOTE
r-release-linux-x86_64 0.5.5 8.74 93.57 102.31 NOTE
r-release-macos-arm64 0.5.5 64.00 OK
r-release-macos-x86_64 0.5.5 145.00 OK
r-release-windows-x86_64 0.5.5 13.00 113.00 126.00 NOTE
r-oldrel-macos-arm64 0.5.5 57.00 OK
r-oldrel-macos-x86_64 0.5.5 89.00 OK
r-oldrel-windows-x86_64 0.5.5 16.00 138.00 154.00 OK

Check Details

Version: 0.5.5
Check: Rd cross-references
Result: NOTE Found the following Rd file(s) with Rd \link{} targets missing package anchors: CIBER.Rd: ggplot2, biAxisDiamondPlot, diamondPlot, gtable determinantStructure.Rd: data.tree Please provide package anchors for all Rd \link{} targets not in the package itself and the base packages. Flavors: r-devel-linux-x86_64-debian-clang, r-devel-linux-x86_64-debian-gcc, r-devel-windows-x86_64, r-patched-linux-x86_64, r-release-linux-x86_64, r-release-windows-x86_64

These binaries (installable software) and packages are in development.
They may not be fully stable and should be used with caution. We make no claims about them.