Last updated on 2025-02-02 14:48:18 CET.
Flavor | Version | Tinstall | Tcheck | Ttotal | Status | Flags |
---|---|---|---|---|---|---|
r-devel-linux-x86_64-debian-clang | 0.3.2 | 2.82 | 45.70 | 48.52 | NOTE | |
r-devel-linux-x86_64-debian-gcc | 0.3.2 | 1.77 | 32.08 | 33.85 | NOTE | |
r-devel-linux-x86_64-fedora-clang | 0.3.2 | 68.59 | OK | |||
r-devel-linux-x86_64-fedora-gcc | 0.3.2 | 58.61 | OK | |||
r-devel-windows-x86_64 | 0.3.2 | 3.00 | 56.00 | 59.00 | NOTE | |
r-patched-linux-x86_64 | 0.3.2 | 3.13 | 35.14 | 38.27 | NOTE | |
r-release-linux-x86_64 | 0.3.2 | 2.47 | 35.10 | 37.57 | NOTE | |
r-release-macos-arm64 | 0.3.2 | 26.00 | NOTE | |||
r-release-macos-x86_64 | 0.3.2 | 56.00 | NOTE | |||
r-release-windows-x86_64 | 0.3.2 | 5.00 | 56.00 | 61.00 | NOTE | |
r-oldrel-macos-arm64 | 0.3.2 | 23.00 | NOTE | |||
r-oldrel-macos-x86_64 | 0.3.2 | 33.00 | NOTE | |||
r-oldrel-windows-x86_64 | 0.3.2 | 3.00 | 61.00 | 64.00 | NOTE |
Version: 0.3.2
Check: Rd cross-references
Result: NOTE
Found the following Rd file(s) with Rd \link{} targets missing package
anchors:
behavr.Rd: data.table
bin_apply.Rd: data.table
meta.Rd: data.table
rejoin.Rd: data.table
Please provide package anchors for all Rd \link{} targets not in the
package itself and the base packages.
Flavors: r-devel-linux-x86_64-debian-clang, r-devel-linux-x86_64-debian-gcc, r-devel-windows-x86_64
Version: 0.3.2
Check: LazyData
Result: NOTE
'LazyData' is specified without a 'data' directory
Flavors: r-patched-linux-x86_64, r-release-linux-x86_64, r-release-macos-arm64, r-release-macos-x86_64, r-release-windows-x86_64, r-oldrel-macos-arm64, r-oldrel-macos-x86_64, r-oldrel-windows-x86_64
These binaries (installable software) and packages are in development.
They may not be fully stable and should be used with caution. We make no claims about them.