Last updated on 2025-10-03 11:50:36 CEST.
Flavor | Version | Tinstall | Tcheck | Ttotal | Status | Flags |
---|---|---|---|---|---|---|
r-devel-linux-x86_64-debian-clang | 1.5.3 | 34.82 | 70.38 | 105.20 | NOTE | |
r-devel-linux-x86_64-debian-gcc | 1.5.3 | 20.07 | 50.00 | 70.07 | NOTE | |
r-devel-linux-x86_64-fedora-clang | 1.5.3 | 186.29 | OK | |||
r-devel-linux-x86_64-fedora-gcc | 1.5.3 | 181.94 | OK | |||
r-devel-windows-x86_64 | 1.5.3 | 45.00 | 91.00 | 136.00 | OK | |
r-patched-linux-x86_64 | 1.5.3 | 33.70 | 65.31 | 99.01 | OK | |
r-release-linux-x86_64 | 1.5.3 | 31.78 | 65.86 | 97.64 | OK | |
r-release-macos-arm64 | 1.5.3 | 61.00 | OK | |||
r-release-macos-x86_64 | 1.5.3 | 112.00 | OK | |||
r-release-windows-x86_64 | 1.5.3 | 44.00 | 90.00 | 134.00 | OK | |
r-oldrel-macos-arm64 | 1.5.3 | 51.00 | OK | |||
r-oldrel-macos-x86_64 | 1.5.3 | 119.00 | OK | |||
r-oldrel-windows-x86_64 | 1.5.3 | 52.00 | 116.00 | 168.00 | OK |
Version: 1.5.3
Check: CRAN incoming feasibility
Result: NOTE
Maintainer: ‘Jakub Nowosad <nowosad.jakub@gmail.com>’
Package CITATION file contains call(s) to old-style citEntry(). Please
use bibentry() instead.
Flavors: r-devel-linux-x86_64-debian-clang, r-devel-linux-x86_64-debian-gcc
These binaries (installable software) and packages are in development.
They may not be fully stable and should be used with caution. We make no claims about them.