Last updated on 2025-07-02 03:50:37 CEST.
Flavor | Version | Tinstall | Tcheck | Ttotal | Status | Flags |
---|---|---|---|---|---|---|
r-devel-linux-x86_64-debian-clang | 0.0.2.2 | 224.76 | 213.86 | 438.62 | OK | |
r-devel-linux-x86_64-debian-gcc | 0.0.2.2 | 225.38 | 169.82 | 395.20 | OK | |
r-devel-linux-x86_64-fedora-clang | 0.0.2.2 | 678.37 | NOTE | |||
r-devel-linux-x86_64-fedora-gcc | 0.0.2.2 | 835.99 | NOTE | |||
r-devel-windows-x86_64 | 0.0.2.2 | 273.00 | 288.00 | 561.00 | OK | |
r-patched-linux-x86_64 | OK | |||||
r-release-linux-x86_64 | 0.0.2.2 | 272.29 | 226.98 | 499.27 | OK | |
r-release-macos-arm64 | 0.0.2.2 | 189.00 | OK | |||
r-release-macos-x86_64 | 0.0.2.2 | 380.00 | OK | |||
r-release-windows-x86_64 | 0.0.2.2 | 247.00 | 287.00 | 534.00 | OK | |
r-oldrel-macos-arm64 | 0.0.2.2 | 177.00 | NOTE | |||
r-oldrel-macos-x86_64 | 0.0.2.2 | 242.00 | NOTE | |||
r-oldrel-windows-x86_64 | 0.0.2.2 | 296.00 | 363.00 | 659.00 | NOTE |
Version: 0.0.2.2
Check: dependencies in R code
Result: NOTE
Namespace in Imports field not imported from: ‘rstantools’
All declared Imports should be used.
Flavors: r-devel-linux-x86_64-fedora-clang, r-devel-linux-x86_64-fedora-gcc
Version: 0.0.2.2
Check: installed package size
Result: NOTE
installed size is 54.9Mb
sub-directories of 1Mb or more:
libs 54.5Mb
Flavors: r-oldrel-macos-arm64, r-oldrel-macos-x86_64
Version: 0.0.2.2
Check: for GNU extensions in Makefiles
Result: NOTE
GNU make is a SystemRequirements.
Flavors: r-oldrel-macos-arm64, r-oldrel-macos-x86_64, r-oldrel-windows-x86_64
These binaries (installable software) and packages are in development.
They may not be fully stable and should be used with caution. We make no claims about them.