Last updated on 2025-02-02 14:48:18 CET.
Flavor | Version | Tinstall | Tcheck | Ttotal | Status | Flags |
---|---|---|---|---|---|---|
r-devel-linux-x86_64-debian-clang | 0.0.2.2 | 228.06 | 206.90 | 434.96 | OK | |
r-devel-linux-x86_64-debian-gcc | 0.0.2.2 | 220.89 | 164.30 | 385.19 | OK | |
r-devel-linux-x86_64-fedora-clang | 0.0.2.2 | 702.08 | NOTE | |||
r-devel-linux-x86_64-fedora-gcc | 0.0.2.2 | 912.94 | NOTE | |||
r-devel-windows-x86_64 | 0.0.2.2 | 218.00 | 274.00 | 492.00 | OK | |
r-patched-linux-x86_64 | 0.0.2.2 | 286.19 | 221.04 | 507.23 | NOTE | |
r-release-linux-x86_64 | 0.0.2.2 | 283.95 | 220.82 | 504.77 | NOTE | |
r-release-macos-arm64 | 0.0.2.2 | 177.00 | NOTE | |||
r-release-macos-x86_64 | 0.0.2.2 | 242.00 | NOTE | |||
r-release-windows-x86_64 | 0.0.2.2 | 234.00 | 283.00 | 517.00 | NOTE | |
r-oldrel-macos-arm64 | 0.0.2.2 | 177.00 | NOTE | |||
r-oldrel-macos-x86_64 | 0.0.2.2 | 261.00 | NOTE | |||
r-oldrel-windows-x86_64 | 0.0.2.2 | 297.00 | 335.00 | 632.00 | NOTE |
Version: 0.0.2.2
Check: dependencies in R code
Result: NOTE
Namespace in Imports field not imported from: ‘rstantools’
All declared Imports should be used.
Flavors: r-devel-linux-x86_64-fedora-clang, r-devel-linux-x86_64-fedora-gcc
Version: 0.0.2.2
Check: for GNU extensions in Makefiles
Result: NOTE
GNU make is a SystemRequirements.
Flavors: r-patched-linux-x86_64, r-release-linux-x86_64, r-release-macos-arm64, r-release-macos-x86_64, r-release-windows-x86_64, r-oldrel-macos-arm64, r-oldrel-macos-x86_64, r-oldrel-windows-x86_64
Version: 0.0.2.2
Check: installed package size
Result: NOTE
installed size is 54.9Mb
sub-directories of 1Mb or more:
libs 54.5Mb
Flavors: r-release-macos-arm64, r-release-macos-x86_64, r-oldrel-macos-arm64, r-oldrel-macos-x86_64
These binaries (installable software) and packages are in development.
They may not be fully stable and should be used with caution. We make no claims about them.