Last updated on 2025-10-24 03:50:22 CEST.
| Flavor | Version | Tinstall | Tcheck | Ttotal | Status | Flags |
|---|---|---|---|---|---|---|
| r-devel-linux-x86_64-debian-clang | 1.1.4 | 5.61 | 52.91 | 58.52 | NOTE | |
| r-devel-linux-x86_64-debian-gcc | 1.1.4 | 3.82 | 39.13 | 42.95 | OK | |
| r-devel-linux-x86_64-fedora-clang | 1.1.4 | 48.00 | 35.80 | 83.80 | OK | |
| r-devel-linux-x86_64-fedora-gcc | 1.1.4 | 14.00 | 66.57 | 80.57 | OK | |
| r-devel-windows-x86_64 | 1.1.4 | 13.00 | 71.00 | 84.00 | OK | |
| r-patched-linux-x86_64 | 1.1.4 | 5.63 | 49.07 | 54.70 | OK | |
| r-release-linux-x86_64 | 1.1.4 | 5.40 | 49.32 | 54.72 | OK | |
| r-release-macos-arm64 | 1.1.4 | 5.00 | 49.00 | 54.00 | OK | |
| r-release-macos-x86_64 | 1.1.4 | 7.00 | 51.00 | 58.00 | OK | |
| r-release-windows-x86_64 | 1.1.4 | 13.00 | 72.00 | 85.00 | OK | |
| r-oldrel-macos-arm64 | 1.1.4 | 4.00 | 35.00 | 39.00 | OK | |
| r-oldrel-macos-x86_64 | 1.1.4 | 9.00 | 58.00 | 67.00 | OK | |
| r-oldrel-windows-x86_64 | 1.1.4 | 16.00 | 85.00 | 101.00 | OK |
Version: 1.1.4
Check: HTML version of manual
Result: NOTE
Found the following HTML validation problems:
as_bench_mark.html:47:1 (as_bench_mark.Rd:10): Warning: missing </ul> before </div>
bench_bytes_trans.html:47:1 (bench_bytes_trans.Rd:10): Warning: missing </ul> before </div>
bench_process_memory.html:86:1 (bench_process_memory.Rd:35): Warning: missing </ul> before </div>
bench_time_trans.html:47:1 (bench_time_trans.Rd:10): Warning: missing </ul> before </div>
scale_bench_time.html:57:1 (scale_bench_time.Rd:21): Warning: missing </ul> before </div>
Flavor: r-devel-linux-x86_64-debian-clang
These binaries (installable software) and packages are in development.
They may not be fully stable and should be used with caution. We make no claims about them.