CRAN Package Check Results for Package benchr

Last updated on 2025-02-16 10:50:42 CET.

Flavor Version Tinstall Tcheck Ttotal Status Flags
r-devel-linux-x86_64-debian-clang 0.2.5 13.39 32.32 45.71 NOTE
r-devel-linux-x86_64-debian-gcc 0.2.5 9.34 26.09 35.43 NOTE
r-devel-linux-x86_64-fedora-clang 0.2.5 85.55 NOTE
r-devel-linux-x86_64-fedora-gcc 0.2.5 76.84 NOTE
r-devel-macos-arm64 0.2.5 29.00 NOTE
r-devel-macos-x86_64 0.2.5 66.00 NOTE
r-devel-windows-x86_64 0.2.5 16.00 69.00 85.00 NOTE
r-patched-linux-x86_64 0.2.5 12.05 31.00 43.05 NOTE
r-release-linux-x86_64 0.2.5 11.37 30.86 42.23 NOTE
r-release-macos-arm64 0.2.5 30.00 NOTE
r-release-macos-x86_64 0.2.5 57.00 NOTE
r-release-windows-x86_64 0.2.5 16.00 73.00 89.00 NOTE
r-oldrel-macos-arm64 0.2.5 33.00 NOTE
r-oldrel-macos-x86_64 0.2.5 48.00 NOTE
r-oldrel-windows-x86_64 0.2.5 15.00 87.00 102.00 NOTE

Check Details

Version: 0.2.5
Check: C++ specification
Result: NOTE Specified C++11: please drop specification unless essential Flavors: r-devel-linux-x86_64-debian-clang, r-devel-linux-x86_64-debian-gcc, r-devel-linux-x86_64-fedora-clang, r-devel-linux-x86_64-fedora-gcc, r-devel-macos-arm64, r-devel-macos-x86_64, r-devel-windows-x86_64, r-patched-linux-x86_64, r-release-linux-x86_64, r-release-macos-arm64, r-release-macos-x86_64, r-release-windows-x86_64, r-oldrel-macos-arm64, r-oldrel-macos-x86_64, r-oldrel-windows-x86_64

Version: 0.2.5
Check: LazyData
Result: NOTE 'LazyData' is specified without a 'data' directory Flavors: r-patched-linux-x86_64, r-release-linux-x86_64, r-release-macos-arm64, r-release-macos-x86_64, r-release-windows-x86_64, r-oldrel-macos-arm64, r-oldrel-macos-x86_64, r-oldrel-windows-x86_64

These binaries (installable software) and packages are in development.
They may not be fully stable and should be used with caution. We make no claims about them.