Last updated on 2025-05-01 08:52:28 CEST.
Flavor | Version | Tinstall | Tcheck | Ttotal | Status | Flags |
---|---|---|---|---|---|---|
r-devel-linux-x86_64-debian-clang | 0.2.5 | 13.04 | 34.77 | 47.81 | NOTE | |
r-devel-linux-x86_64-debian-gcc | 0.2.5 | 9.38 | 27.57 | 36.95 | NOTE | |
r-devel-linux-x86_64-fedora-clang | 0.2.5 | 83.20 | NOTE | |||
r-devel-linux-x86_64-fedora-gcc | 0.2.5 | 74.97 | NOTE | |||
r-devel-windows-x86_64 | 0.2.5 | 17.00 | 71.00 | 88.00 | NOTE | |
r-patched-linux-x86_64 | 0.2.5 | 13.18 | 32.37 | 45.55 | NOTE | |
r-release-linux-x86_64 | NOTE | |||||
r-release-macos-arm64 | 0.2.5 | 27.00 | NOTE | |||
r-release-macos-x86_64 | 0.2.5 | 67.00 | NOTE | |||
r-release-windows-x86_64 | 0.2.5 | 17.00 | 75.00 | 92.00 | NOTE | |
r-oldrel-macos-arm64 | 0.2.5 | 30.00 | NOTE | |||
r-oldrel-macos-x86_64 | 0.2.5 | 57.00 | NOTE | |||
r-oldrel-windows-x86_64 | 0.2.5 | 19.00 | 84.00 | 103.00 | NOTE |
Version: 0.2.5
Check: C++ specification
Result: NOTE
Specified C++11: please drop specification unless essential
Flavors: r-devel-linux-x86_64-debian-clang, r-devel-linux-x86_64-debian-gcc, r-devel-linux-x86_64-fedora-clang, r-devel-linux-x86_64-fedora-gcc, r-devel-windows-x86_64, r-patched-linux-x86_64, r-release-linux-x86_64, r-release-macos-arm64, r-release-macos-x86_64, r-release-windows-x86_64, r-oldrel-macos-arm64, r-oldrel-macos-x86_64, r-oldrel-windows-x86_64
Version: 0.2.5
Check: LazyData
Result: NOTE
'LazyData' is specified without a 'data' directory
Flavors: r-oldrel-macos-arm64, r-oldrel-macos-x86_64, r-oldrel-windows-x86_64
These binaries (installable software) and packages are in development.
They may not be fully stable and should be used with caution. We make no claims about them.