Last updated on 2025-05-23 01:50:49 CEST.
Flavor | Version | Tinstall | Tcheck | Ttotal | Status | Flags |
---|---|---|---|---|---|---|
r-devel-linux-x86_64-debian-clang | 0.1.5 | 2.85 | 51.14 | 53.99 | NOTE | |
r-devel-linux-x86_64-debian-gcc | 0.1.5 | 2.00 | 41.89 | 43.89 | NOTE | |
r-devel-linux-x86_64-fedora-clang | 0.1.5 | 69.38 | OK | |||
r-devel-linux-x86_64-fedora-gcc | 0.1.5 | 65.21 | OK | |||
r-devel-windows-x86_64 | 0.1.5 | 5.00 | 95.00 | 100.00 | OK | |
r-patched-linux-x86_64 | 0.1.5 | 2.78 | 42.38 | 45.16 | OK | |
r-release-linux-x86_64 | 0.1.5 | 2.31 | 40.72 | 43.03 | OK | |
r-release-macos-arm64 | 0.1.5 | 26.00 | OK | |||
r-release-macos-x86_64 | 0.1.5 | 65.00 | OK | |||
r-release-windows-x86_64 | 0.1.5 | 4.00 | 106.00 | 110.00 | OK | |
r-oldrel-macos-arm64 | 0.1.5 | 28.00 | OK | |||
r-oldrel-macos-x86_64 | 0.1.5 | 56.00 | OK | |||
r-oldrel-windows-x86_64 | 0.1.5 | 4.00 | 75.00 | 79.00 | OK |
Version: 0.1.5
Check: CRAN incoming feasibility
Result: NOTE
Maintainer: ‘Carlos Cinelli <carloscinelli@hotmail.com>’
No Authors@R field in DESCRIPTION.
Please add one, modifying
Authors@R: person(given = "Carlos",
family = "Cinelli",
role = c("aut", "cre"),
email = "carloscinelli@hotmail.com")
as necessary.
Flavors: r-devel-linux-x86_64-debian-clang, r-devel-linux-x86_64-debian-gcc
These binaries (installable software) and packages are in development.
They may not be fully stable and should be used with caution. We make no claims about them.