CRAN Package Check Results for Package benford

Last updated on 2025-11-11 15:50:28 CET.

Flavor Version Tinstall Tcheck Ttotal Status Flags
r-devel-linux-x86_64-debian-clang 1.0.1 1.70 18.57 20.27 NOTE
r-devel-linux-x86_64-debian-gcc 1.0.1 1.28 15.51 16.79 NOTE
r-devel-linux-x86_64-fedora-clang 1.0.1 31.54 OK
r-devel-linux-x86_64-fedora-gcc 1.0.1 28.70 OK
r-devel-windows-x86_64 1.0.1 4.00 33.00 37.00 OK
r-patched-linux-x86_64 1.0.1 1.50 17.79 19.29 OK
r-release-linux-x86_64 1.0.1 1.59 17.73 19.32 OK
r-release-macos-arm64 1.0.1 1.00 13.00 14.00 OK
r-release-macos-x86_64 1.0.1 3.00 29.00 32.00 OK
r-release-windows-x86_64 1.0.1 3.00 32.00 35.00 OK
r-oldrel-macos-arm64 1.0.1 1.00 18.00 19.00 OK
r-oldrel-macos-x86_64 1.0.1 2.00 24.00 26.00 OK
r-oldrel-windows-x86_64 1.0.1 2.00 35.00 37.00 OK

Check Details

Version: 1.0.1
Check: CRAN incoming feasibility
Result: NOTE Maintainer: ‘Vitor Hugo Moreau <vitorhmc@ufba.br>’ No Authors@R field in DESCRIPTION. Please add one, modifying Authors@R: person(given = c("Vitor", "Hugo"), family = "Moreau", role = c("aut", "cre"), email = "vitorhmc@ufba.br") as necessary. Flavors: r-devel-linux-x86_64-debian-clang, r-devel-linux-x86_64-debian-gcc

These binaries (installable software) and packages are in development.
They may not be fully stable and should be used with caution. We make no claims about them.