CRAN Package Check Results for Package benford

Last updated on 2025-05-08 04:51:59 CEST.

Flavor Version Tinstall Tcheck Ttotal Status Flags
r-devel-linux-x86_64-debian-clang 1.0.1 1.62 17.36 18.98 NOTE
r-devel-linux-x86_64-debian-gcc 1.0.1 1.32 14.30 15.62 NOTE
r-devel-linux-x86_64-fedora-clang 1.0.1 29.16 OK
r-devel-linux-x86_64-fedora-gcc 1.0.1 28.61 OK
r-devel-windows-x86_64 1.0.1 3.00 35.00 38.00 OK
r-patched-linux-x86_64 1.0.1 1.65 16.58 18.23 OK
r-release-linux-x86_64 1.0.1 1.69 16.38 18.07 OK
r-release-macos-arm64 1.0.1 14.00 OK
r-release-macos-x86_64 1.0.1 32.00 OK
r-release-windows-x86_64 1.0.1 2.00 35.00 37.00 OK
r-oldrel-macos-arm64 1.0.1 19.00 OK
r-oldrel-macos-x86_64 1.0.1 26.00 OK
r-oldrel-windows-x86_64 1.0.1 2.00 35.00 37.00 OK

Check Details

Version: 1.0.1
Check: CRAN incoming feasibility
Result: NOTE Maintainer: ‘Vitor Hugo Moreau <vitorhmc@ufba.br>’ No Authors@R field in DESCRIPTION. Please add one, modifying Authors@R: person(given = c("Vitor", "Hugo"), family = "Moreau", role = c("aut", "cre"), email = "vitorhmc@ufba.br") as necessary. Flavors: r-devel-linux-x86_64-debian-clang, r-devel-linux-x86_64-debian-gcc

These binaries (installable software) and packages are in development.
They may not be fully stable and should be used with caution. We make no claims about them.