Last updated on 2025-10-03 13:49:27 CEST.
Flavor | Version | Tinstall | Tcheck | Ttotal | Status | Flags |
---|---|---|---|---|---|---|
r-devel-linux-x86_64-debian-clang | 1.0.1 | 56.70 | 29.77 | 86.47 | NOTE | |
r-devel-linux-x86_64-debian-gcc | 1.0.1 | 34.00 | 23.61 | 57.61 | NOTE | |
r-devel-linux-x86_64-fedora-clang | 1.0.1 | 146.82 | OK | |||
r-devel-linux-x86_64-fedora-gcc | 1.0.1 | 144.39 | OK | |||
r-devel-windows-x86_64 | 1.0.1 | 60.00 | 65.00 | 125.00 | OK | |
r-patched-linux-x86_64 | 1.0.1 | 52.90 | 28.09 | 80.99 | OK | |
r-release-linux-x86_64 | 1.0.1 | 52.67 | 28.27 | 80.94 | OK | |
r-release-macos-arm64 | 1.0.1 | 42.00 | OK | |||
r-release-macos-x86_64 | 1.0.1 | 56.00 | OK | |||
r-release-windows-x86_64 | 1.0.1 | 59.00 | 68.00 | 127.00 | OK | |
r-oldrel-macos-arm64 | 1.0.1 | 39.00 | OK | |||
r-oldrel-macos-x86_64 | 1.0.1 | 53.00 | OK | |||
r-oldrel-windows-x86_64 | 1.0.1 | 70.00 | 80.00 | 150.00 | OK |
Version: 1.0.1
Check: CRAN incoming feasibility
Result: NOTE
Maintainer: ‘Haiming Zhou <haiming2019@gmail.com>’
Package CITATION file contains call(s) to old-style personList() or
as.personList(). Please use c() on person objects instead.
Package CITATION file contains call(s) to old-style citEntry(). Please
use bibentry() instead.
Flavors: r-devel-linux-x86_64-debian-clang, r-devel-linux-x86_64-debian-gcc
These binaries (installable software) and packages are in development.
They may not be fully stable and should be used with caution. We make no claims about them.