Last updated on 2025-05-01 14:49:05 CEST.
Flavor | Version | Tinstall | Tcheck | Ttotal | Status | Flags |
---|---|---|---|---|---|---|
r-devel-linux-x86_64-debian-clang | 1.3.2 | 2.76 | 45.89 | 48.65 | NOTE | |
r-devel-linux-x86_64-debian-gcc | 1.3.2 | 2.20 | 33.14 | 35.34 | OK | |
r-devel-linux-x86_64-fedora-clang | 1.3.2 | 78.89 | OK | |||
r-devel-linux-x86_64-fedora-gcc | 1.3.2 | 74.21 | OK | |||
r-devel-windows-x86_64 | 1.3.2 | 4.00 | 65.00 | 69.00 | OK | |
r-patched-linux-x86_64 | 1.3.2 | 3.68 | 43.37 | 47.05 | OK | |
r-release-linux-x86_64 | OK | |||||
r-release-macos-arm64 | 1.3.2 | 26.00 | OK | |||
r-release-macos-x86_64 | 1.3.2 | 68.00 | OK | |||
r-release-windows-x86_64 | 1.3.2 | 6.00 | 68.00 | 74.00 | OK | |
r-oldrel-macos-arm64 | 1.3.2 | 30.00 | OK | |||
r-oldrel-macos-x86_64 | 1.3.2 | 35.00 | OK | |||
r-oldrel-windows-x86_64 | 1.3.2 | 5.00 | 74.00 | 79.00 | OK |
Version: 1.3.2
Check: examples
Result: NOTE
Examples with CPU (user + system) or elapsed time > 5s
user system elapsed
MCMI 4.091 0.241 6.85
Flavor: r-devel-linux-x86_64-debian-clang
These binaries (installable software) and packages are in development.
They may not be fully stable and should be used with caution. We make no claims about them.