Last updated on 2025-02-16 10:50:42 CET.
Flavor | Version | Tinstall | Tcheck | Ttotal | Status | Flags |
---|---|---|---|---|---|---|
r-devel-linux-x86_64-debian-clang | 3.3 | 3.66 | 25.31 | 28.97 | NOTE | |
r-devel-linux-x86_64-debian-gcc | 3.3 | 2.62 | 19.77 | 22.39 | NOTE | |
r-devel-linux-x86_64-fedora-clang | 3.3 | 48.10 | NOTE | |||
r-devel-linux-x86_64-fedora-gcc | 3.3 | 45.12 | NOTE | |||
r-devel-macos-arm64 | 3.3 | 20.00 | OK | |||
r-devel-macos-x86_64 | 3.3 | 45.00 | OK | |||
r-devel-windows-x86_64 | 3.3 | 6.00 | 52.00 | 58.00 | NOTE | |
r-patched-linux-x86_64 | 3.3 | 3.96 | 24.89 | 28.85 | OK | |
r-release-linux-x86_64 | 3.3 | 3.48 | 24.91 | 28.39 | OK | |
r-release-macos-arm64 | 3.3 | 22.00 | OK | |||
r-release-macos-x86_64 | 3.3 | 27.00 | OK | |||
r-release-windows-x86_64 | 3.3 | 7.00 | 62.00 | 69.00 | OK | |
r-oldrel-macos-arm64 | 3.3 | 20.00 | OK | |||
r-oldrel-macos-x86_64 | 3.3 | 28.00 | OK | |||
r-oldrel-windows-x86_64 | 3.3 | 8.00 | 80.00 | 88.00 | OK |
Version: 3.3
Check: Rd cross-references
Result: NOTE
Found the following Rd file(s) with Rd \link{} targets missing package
anchors:
betategarch-package.Rd: zoo
tegarchSim.Rd: zoo
Please provide package anchors for all Rd \link{} targets not in the
package itself and the base packages.
Flavors: r-devel-linux-x86_64-debian-clang, r-devel-linux-x86_64-debian-gcc, r-devel-windows-x86_64
Version: 3.3
Check: compiled code
Result: NOTE
File ‘betategarch/libs/betategarch.so’:
Found no calls to: ‘R_registerRoutines’, ‘R_useDynamicSymbols’
It is good practice to register native routines and to disable symbol
search.
See ‘Writing portable packages’ in the ‘Writing R Extensions’ manual.
Flavors: r-devel-linux-x86_64-fedora-clang, r-devel-linux-x86_64-fedora-gcc
These binaries (installable software) and packages are in development.
They may not be fully stable and should be used with caution. We make no claims about them.