Last updated on 2024-07-27 15:50:12 CEST.
Flavor | Version | Tinstall | Tcheck | Ttotal | Status | Flags |
---|---|---|---|---|---|---|
r-devel-linux-x86_64-debian-clang | 0.2 | 1.70 | 22.65 | 24.35 | NOTE | |
r-devel-linux-x86_64-debian-gcc | 0.2 | NOTE | ||||
r-devel-linux-x86_64-fedora-clang | 0.2 | 30.87 | NOTE | |||
r-devel-linux-x86_64-fedora-gcc | 0.2 | 29.27 | NOTE | |||
r-devel-windows-x86_64 | 0.2 | 2.00 | 36.00 | 38.00 | NOTE | |
r-patched-linux-x86_64 | 0.2 | NOTE | ||||
r-release-linux-x86_64 | 0.2 | 1.67 | 21.65 | 23.32 | NOTE | |
r-release-macos-arm64 | 0.2 | 14.00 | NOTE | |||
r-release-macos-x86_64 | 0.2 | 19.00 | NOTE | |||
r-release-windows-x86_64 | 0.2 | 2.00 | 36.00 | 38.00 | NOTE | |
r-oldrel-macos-arm64 | 0.2 | 16.00 | NOTE | |||
r-oldrel-macos-x86_64 | 0.2 | 19.00 | NOTE | |||
r-oldrel-windows-x86_64 | 0.2 | 2.00 | 36.00 | 38.00 | NOTE |
Version: 0.2
Check: DESCRIPTION meta-information
Result: NOTE
Malformed Title field: should not end in a period.
Flavors: r-devel-linux-x86_64-debian-clang, r-devel-linux-x86_64-debian-gcc, r-devel-linux-x86_64-fedora-clang, r-devel-linux-x86_64-fedora-gcc, r-devel-windows-x86_64, r-patched-linux-x86_64, r-release-linux-x86_64, r-release-macos-arm64, r-release-macos-x86_64, r-release-windows-x86_64, r-oldrel-macos-arm64, r-oldrel-macos-x86_64, r-oldrel-windows-x86_64
These binaries (installable software) and packages are in development.
They may not be fully stable and should be used with caution. We make no claims about them.