Last updated on 2025-10-09 23:51:08 CEST.
Flavor | Version | Tinstall | Tcheck | Ttotal | Status | Flags |
---|---|---|---|---|---|---|
r-devel-linux-x86_64-debian-clang | 0.2 | 1.63 | 19.56 | 21.19 | NOTE | |
r-devel-linux-x86_64-debian-gcc | 0.2 | 1.36 | 16.18 | 17.54 | NOTE | |
r-devel-linux-x86_64-fedora-clang | 0.2 | 32.02 | NOTE | |||
r-devel-linux-x86_64-fedora-gcc | 0.2 | 29.67 | NOTE | |||
r-devel-windows-x86_64 | 0.2 | 2.00 | 37.00 | 39.00 | NOTE | |
r-patched-linux-x86_64 | 0.2 | 1.72 | 18.54 | 20.26 | NOTE | |
r-release-linux-x86_64 | 0.2 | 1.57 | 18.66 | 20.23 | NOTE | |
r-release-macos-arm64 | 0.2 | 15.00 | NOTE | |||
r-release-macos-x86_64 | 0.2 | 30.00 | NOTE | |||
r-release-windows-x86_64 | 0.2 | 2.00 | 38.00 | 40.00 | NOTE | |
r-oldrel-macos-arm64 | 0.2 | 19.00 | NOTE | |||
r-oldrel-macos-x86_64 | 0.2 | 19.00 | NOTE | |||
r-oldrel-windows-x86_64 | 0.2 | 2.00 | 36.00 | 38.00 | NOTE |
Version: 0.2
Check: CRAN incoming feasibility
Result: NOTE
Maintainer: ‘Michele De Meo <micheledemeo@gmail.com>’
No Authors@R field in DESCRIPTION.
Please add one, modifying
Authors@R: person(given = "Michele",
family = "De Meo",
role = c("aut", "cre"),
email = "micheledemeo@gmail.com")
as necessary.
Flavors: r-devel-linux-x86_64-debian-clang, r-devel-linux-x86_64-debian-gcc
Version: 0.2
Check: DESCRIPTION meta-information
Result: NOTE
Malformed Title field: should not end in a period.
Flavors: r-devel-linux-x86_64-debian-clang, r-devel-linux-x86_64-debian-gcc, r-devel-linux-x86_64-fedora-clang, r-devel-linux-x86_64-fedora-gcc, r-devel-windows-x86_64, r-patched-linux-x86_64, r-release-linux-x86_64, r-release-macos-arm64, r-release-macos-x86_64, r-release-windows-x86_64, r-oldrel-macos-arm64, r-oldrel-macos-x86_64, r-oldrel-windows-x86_64
These binaries (installable software) and packages are in development.
They may not be fully stable and should be used with caution. We make no claims about them.