Last updated on 2025-05-08 04:51:59 CEST.
Flavor | Version | Tinstall | Tcheck | Ttotal | Status | Flags |
---|---|---|---|---|---|---|
r-devel-linux-x86_64-debian-clang | 1.3.0 | 107.71 | 154.27 | 261.98 | OK | |
r-devel-linux-x86_64-debian-gcc | 1.3.0 | 73.62 | 90.69 | 164.31 | OK | |
r-devel-linux-x86_64-fedora-clang | 1.3.0 | 481.47 | OK | |||
r-devel-linux-x86_64-fedora-gcc | 1.3.0 | 472.26 | OK | |||
r-devel-windows-x86_64 | 1.3.0 | 127.00 | 197.00 | 324.00 | OK | |
r-patched-linux-x86_64 | 1.3.0 | 110.61 | 142.36 | 252.97 | OK | |
r-release-linux-x86_64 | 1.3.0 | 101.24 | 142.36 | 243.60 | OK | |
r-release-macos-arm64 | 1.3.0 | 118.00 | OK | |||
r-release-macos-x86_64 | 1.3.0 | 168.00 | OK | |||
r-release-windows-x86_64 | 1.3.0 | 128.00 | 211.00 | 339.00 | OK | |
r-oldrel-macos-arm64 | 1.3.0 | 92.00 | NOTE | |||
r-oldrel-macos-x86_64 | 1.3.0 | 143.00 | NOTE | |||
r-oldrel-windows-x86_64 | 1.3.0 | 147.00 | 241.00 | 388.00 | OK |
Version: 1.3.0
Check: installed package size
Result: NOTE
installed size is 5.6Mb
sub-directories of 1Mb or more:
libs 5.2Mb
Flavors: r-oldrel-macos-arm64, r-oldrel-macos-x86_64
These binaries (installable software) and packages are in development.
They may not be fully stable and should be used with caution. We make no claims about them.