Last updated on 2025-10-23 19:50:09 CEST.
Flavor | Version | Tinstall | Tcheck | Ttotal | Status | Flags |
---|---|---|---|---|---|---|
r-devel-linux-x86_64-debian-clang | 1.1.2 | 1.97 | 39.27 | 41.24 | NOTE | |
r-devel-linux-x86_64-debian-gcc | 1.1.2 | 1.67 | 25.63 | 27.30 | NOTE | |
r-devel-linux-x86_64-fedora-clang | 1.1.2 | 11.00 | 53.54 | 64.54 | OK | |
r-devel-linux-x86_64-fedora-gcc | 1.1.2 | 57.88 | OK | |||
r-devel-windows-x86_64 | 1.1.2 | 3.00 | 52.00 | 55.00 | OK | |
r-patched-linux-x86_64 | 1.1.2 | 2.58 | 34.81 | 37.39 | OK | |
r-release-linux-x86_64 | 1.1.2 | 1.78 | 34.84 | 36.62 | OK | |
r-release-macos-arm64 | 1.1.2 | 2.00 | 20.00 | 22.00 | OK | |
r-release-macos-x86_64 | 1.1.2 | 2.00 | 33.00 | 35.00 | OK | |
r-release-windows-x86_64 | 1.1.2 | 3.00 | 55.00 | 58.00 | OK | |
r-oldrel-macos-arm64 | 1.1.2 | 2.00 | 24.00 | 26.00 | OK | |
r-oldrel-macos-x86_64 | 1.1.2 | 2.00 | 27.00 | 29.00 | OK | |
r-oldrel-windows-x86_64 | 1.1.2 | 3.00 | 53.00 | 56.00 | OK |
Version: 1.1.2
Check: CRAN incoming feasibility
Result: NOTE
Maintainer: ‘Aaron Olsen <aarolsen@gmail.com>’
No Authors@R field in DESCRIPTION.
Please add one, modifying
Authors@R: person(given = "Aaron",
family = "Olsen",
role = c("aut", "cre"),
email = "aarolsen@gmail.com")
as necessary.
Flavors: r-devel-linux-x86_64-debian-clang, r-devel-linux-x86_64-debian-gcc
These binaries (installable software) and packages are in development.
They may not be fully stable and should be used with caution. We make no claims about them.