Last updated on 2025-10-23 17:50:42 CEST.
| Flavor | Version | Tinstall | Tcheck | Ttotal | Status | Flags |
|---|---|---|---|---|---|---|
| r-devel-linux-x86_64-debian-clang | 0.0-49 | 47.82 | 63.01 | 110.83 | NOTE | |
| r-devel-linux-x86_64-debian-gcc | 0.0-49 | 33.33 | 46.23 | 79.56 | OK | |
| r-devel-linux-x86_64-fedora-clang | 0.0-49 | 219.00 | -0.95 | 218.05 | OK | |
| r-devel-linux-x86_64-fedora-gcc | 0.0-49 | 120.00 | 75.87 | 195.87 | OK | |
| r-devel-windows-x86_64 | 0.0-49 | 57.00 | 115.00 | 172.00 | OK | |
| r-patched-linux-x86_64 | 0.0-49 | 47.80 | 59.70 | 107.50 | OK | |
| r-release-linux-x86_64 | 0.0-49 | 47.63 | 59.44 | 107.07 | OK | |
| r-release-macos-arm64 | 0.0-49 | 19.00 | 35.00 | 54.00 | OK | |
| r-release-macos-x86_64 | 0.0-49 | 23.00 | 101.00 | 124.00 | OK | |
| r-release-windows-x86_64 | 0.0-49 | 58.00 | 113.00 | 171.00 | OK | |
| r-oldrel-macos-arm64 | 0.0-49 | 22.00 | 63.00 | 85.00 | OK | |
| r-oldrel-macos-x86_64 | 0.0-49 | 23.00 | 87.00 | 110.00 | OK | |
| r-oldrel-windows-x86_64 | 0.0-49 | 55.00 | 137.00 | 192.00 | OK |
Version: 0.0-49
Check: HTML version of manual
Result: NOTE
Found the following HTML validation problems:
fpScale.html:50:1 (fpScale.Rd:14): Warning: missing </ul> before </div>
Flavor: r-devel-linux-x86_64-debian-clang
These binaries (installable software) and packages are in development.
They may not be fully stable and should be used with caution. We make no claims about them.