Last updated on 2024-07-27 15:50:12 CEST.
Flavor | Version | Tinstall | Tcheck | Ttotal | Status | Flags |
---|---|---|---|---|---|---|
r-devel-linux-x86_64-debian-clang | 1.8.5 | 5.90 | 52.79 | 58.69 | NOTE | |
r-devel-linux-x86_64-debian-gcc | 1.8.5 | NOTE | ||||
r-devel-linux-x86_64-fedora-clang | 1.8.5 | 70.84 | NOTE | |||
r-devel-linux-x86_64-fedora-gcc | 1.8.5 | 67.73 | NOTE | |||
r-devel-windows-x86_64 | 1.8.5 | 6.00 | 62.00 | 68.00 | NOTE | |
r-patched-linux-x86_64 | 1.8.5 | NOTE | ||||
r-release-linux-x86_64 | 1.8.5 | 3.09 | 49.62 | 52.71 | NOTE | |
r-release-macos-arm64 | 1.8.5 | 24.00 | NOTE | |||
r-release-macos-x86_64 | 1.8.5 | 36.00 | NOTE | |||
r-release-windows-x86_64 | 1.8.5 | 6.00 | 61.00 | 67.00 | NOTE | |
r-oldrel-macos-arm64 | 1.8.5 | 23.00 | NOTE | |||
r-oldrel-macos-x86_64 | 1.8.5 | 36.00 | NOTE | |||
r-oldrel-windows-x86_64 | 1.8.5 | 7.00 | 71.00 | 78.00 | NOTE |
Version: 1.8.5
Check: Rd files
Result: NOTE
checkRd: (-1) bgmm-package.Rd:23: Escaped LaTeX specials: \&
Flavors: r-devel-linux-x86_64-debian-clang, r-devel-linux-x86_64-debian-gcc, r-devel-linux-x86_64-fedora-clang, r-devel-linux-x86_64-fedora-gcc, r-devel-windows-x86_64, r-patched-linux-x86_64, r-release-linux-x86_64, r-release-macos-arm64, r-release-macos-x86_64, r-release-windows-x86_64, r-oldrel-macos-arm64, r-oldrel-macos-x86_64, r-oldrel-windows-x86_64
These binaries (installable software) and packages are in development.
They may not be fully stable and should be used with caution. We make no claims about them.