Last updated on 2025-11-12 19:51:42 CET.
| Flavor | Version | Tinstall | Tcheck | Ttotal | Status | Flags |
|---|---|---|---|---|---|---|
| r-devel-linux-x86_64-debian-clang | 0.1.6.1 | 195.48 | 67.41 | 262.89 | OK | |
| r-devel-linux-x86_64-debian-gcc | 0.1.6.1 | 124.92 | 49.52 | 174.44 | OK | |
| r-devel-linux-x86_64-fedora-clang | 0.1.6.1 | 475.00 | 64.34 | 539.34 | OK | |
| r-devel-linux-x86_64-fedora-gcc | 0.1.6.1 | 269.00 | 202.09 | 471.09 | OK | |
| r-devel-windows-x86_64 | 0.1.6.1 | 248.00 | 101.00 | 349.00 | OK | |
| r-patched-linux-x86_64 | 0.1.6.1 | 199.05 | 62.99 | 262.04 | OK | |
| r-release-linux-x86_64 | 0.1.6.1 | 196.50 | 63.51 | 260.01 | OK | |
| r-release-macos-arm64 | 0.1.6.1 | 55.00 | 41.00 | 96.00 | OK | |
| r-release-macos-x86_64 | 0.1.6.1 | 70.00 | 141.00 | 211.00 | OK | |
| r-release-windows-x86_64 | 0.1.6.1 | 251.00 | 100.00 | 351.00 | OK | |
| r-oldrel-macos-arm64 | 0.1.6.1 | 52.00 | 48.00 | 100.00 | NOTE | |
| r-oldrel-macos-x86_64 | 0.1.6.1 | 54.00 | 89.00 | 143.00 | NOTE | |
| r-oldrel-windows-x86_64 | 0.1.6.1 | 285.00 | 122.00 | 407.00 | OK |
Version: 0.1.6.1
Check: installed package size
Result: NOTE
installed size is 13.2Mb
sub-directories of 1Mb or more:
extdata 2.1Mb
libs 9.7Mb
Flavors: r-oldrel-macos-arm64, r-oldrel-macos-x86_64
These binaries (installable software) and packages are in development.
They may not be fully stable and should be used with caution. We make no claims about them.