CRAN Package Check Results for Package bgumbel

Last updated on 2025-05-01 14:49:05 CEST.

Flavor Version Tinstall Tcheck Ttotal Status Flags
r-devel-linux-x86_64-debian-clang 0.0.3 7.51 73.65 81.16 NOTE
r-devel-linux-x86_64-debian-gcc 0.0.3 5.12 54.16 59.28 NOTE
r-devel-linux-x86_64-fedora-clang 0.0.3 123.81 OK
r-devel-linux-x86_64-fedora-gcc 0.0.3 118.51 OK
r-devel-windows-x86_64 0.0.3 8.00 83.00 91.00 OK
r-patched-linux-x86_64 0.0.3 6.48 69.94 76.42 OK
r-release-linux-x86_64 OK
r-release-macos-arm64 0.0.3 46.00 OK
r-release-macos-x86_64 0.0.3 74.00 OK
r-release-windows-x86_64 0.0.3 8.00 86.00 94.00 OK
r-oldrel-macos-arm64 0.0.3 36.00 OK
r-oldrel-macos-x86_64 0.0.3 55.00 OK
r-oldrel-windows-x86_64 0.0.3 9.00 99.00 108.00 OK

Check Details

Version: 0.0.3
Check: DESCRIPTION meta-information
Result: NOTE Author field differs from that derived from Authors@R Author: ‘Pedro C. Brom [aut, cre, cph] (<https://orcid.org/0000-0002-1288-7695>, http://lattes.cnpq.br/0154064396756002), Cira E. G. Otiniano [aut, cph] (<https://orcid.org/0000-0002-5619-0478>, http://lattes.cnpq.br/0307717595727716), Roberto Vila [aut, cph] (<https://orcid.org/0000-0003-1073-0114>, http://lattes.cnpq.br/4978745622057574), Marcelo B. Pereira [aut, cph] (<https://orcid.org/0000-0002-1182-5193>, https://lattes.cnpq.br/9358366674842900)’ Authors@R: ‘Pedro C. Brom [aut, cre, cph] (ORCID: <https://orcid.org/0000-0002-1288-7695>, Lattes: http://lattes.cnpq.br/0154064396756002), Cira E. G. Otiniano [aut, cph] (ORCID: <https://orcid.org/0000-0002-5619-0478>, Lattes: http://lattes.cnpq.br/0307717595727716), Roberto Vila [aut, cph] (ORCID: <https://orcid.org/0000-0003-1073-0114>, Lattes: http://lattes.cnpq.br/4978745622057574), Marcelo B. Pereira [aut, cph] (ORCID: <https://orcid.org/0000-0002-1182-5193>, Lattes: https://lattes.cnpq.br/9358366674842900)’ Flavors: r-devel-linux-x86_64-debian-clang, r-devel-linux-x86_64-debian-gcc

Version: 0.0.3
Check: examples
Result: NOTE Examples with CPU (user + system) or elapsed time > 5s user system elapsed mlebgumbel 7.109 0.007 8.808 Flavor: r-devel-linux-x86_64-debian-clang

These binaries (installable software) and packages are in development.
They may not be fully stable and should be used with caution. We make no claims about them.