Last updated on 2025-05-21 21:49:11 CEST.
Flavor | Version | Tinstall | Tcheck | Ttotal | Status | Flags |
---|---|---|---|---|---|---|
r-devel-linux-x86_64-debian-clang | 0.9.5 | 4.02 | 65.50 | 69.52 | NOTE | |
r-devel-linux-x86_64-debian-gcc | 0.9.5 | 2.99 | 46.79 | 49.78 | NOTE | |
r-devel-linux-x86_64-fedora-clang | 0.9.5 | 110.16 | OK | |||
r-devel-linux-x86_64-fedora-gcc | 0.9.5 | 121.36 | OK | |||
r-devel-windows-x86_64 | 0.9.5 | 6.00 | 97.00 | 103.00 | OK | |
r-patched-linux-x86_64 | 0.9.5 | 4.59 | 62.71 | 67.30 | OK | |
r-release-linux-x86_64 | 0.9.5 | 4.16 | 62.37 | 66.53 | OK | |
r-release-macos-arm64 | 0.9.5 | 123.00 | OK | |||
r-release-macos-x86_64 | 0.9.5 | 105.00 | OK | |||
r-release-windows-x86_64 | 0.9.5 | 6.00 | 96.00 | 102.00 | OK | |
r-oldrel-macos-arm64 | 0.9.5 | 38.00 | OK | |||
r-oldrel-macos-x86_64 | 0.9.5 | 72.00 | OK | |||
r-oldrel-windows-x86_64 | 0.9.5 | 7.00 | 104.00 | 111.00 | OK |
Version: 0.9.5
Check: CRAN incoming feasibility
Result: NOTE
Maintainer: ‘Stephan Wojciekowski <stephan.wojciekowski@boehringer-ingelheim.com>’
Package CITATION file contains call(s) to old-style citEntry(). Please
use bibentry() instead.
Flavors: r-devel-linux-x86_64-debian-clang, r-devel-linux-x86_64-debian-gcc
These binaries (installable software) and packages are in development.
They may not be fully stable and should be used with caution. We make no claims about them.