Last updated on 2025-05-01 08:52:28 CEST.
Flavor | Version | Tinstall | Tcheck | Ttotal | Status | Flags |
---|---|---|---|---|---|---|
r-devel-linux-x86_64-debian-clang | 1.3 | 21.37 | 62.77 | 84.14 | NOTE | |
r-devel-linux-x86_64-debian-gcc | 1.3 | 16.25 | 48.98 | 65.23 | NOTE | |
r-devel-linux-x86_64-fedora-clang | 1.3 | 144.75 | NOTE | |||
r-devel-linux-x86_64-fedora-gcc | 1.3 | 156.26 | NOTE | |||
r-devel-windows-x86_64 | 1.3 | 28.00 | 127.00 | 155.00 | NOTE | |
r-patched-linux-x86_64 | 1.3 | 23.41 | 61.15 | 84.56 | NOTE | |
r-release-linux-x86_64 | NOTE | |||||
r-release-macos-arm64 | 1.3 | 59.00 | NOTE | |||
r-release-macos-x86_64 | 1.3 | 105.00 | NOTE | |||
r-release-windows-x86_64 | 1.3 | 30.00 | 0.00 | 30.00 | FAIL | |
r-oldrel-macos-arm64 | 1.3 | 53.00 | NOTE | |||
r-oldrel-macos-x86_64 | 1.3 | 89.00 | NOTE | |||
r-oldrel-windows-x86_64 | 1.3 | 33.00 | 144.00 | 177.00 | NOTE |
Version: 1.3
Check: CRAN incoming feasibility
Result: NOTE
Maintainer: ‘Alexander F. Lapanowski <aflapan@gmail.com>’
The Description field contains
<arXiv:2005.03858>. Also includes methods for non-linear discriminant
Please refer to arXiv e-prints via their arXiv DOI <doi:10.48550/arXiv.YYMM.NNNNN>.
Flavors: r-devel-linux-x86_64-debian-clang, r-devel-linux-x86_64-debian-gcc
Version: 1.3
Check: C++ specification
Result: NOTE
Specified C++11: please drop specification unless essential
Flavors: r-devel-linux-x86_64-debian-clang, r-devel-linux-x86_64-debian-gcc, r-devel-linux-x86_64-fedora-clang, r-devel-linux-x86_64-fedora-gcc, r-devel-windows-x86_64, r-patched-linux-x86_64, r-release-linux-x86_64, r-release-macos-arm64, r-release-macos-x86_64, r-release-windows-x86_64, r-oldrel-macos-arm64, r-oldrel-macos-x86_64, r-oldrel-windows-x86_64
Version: 1.3
Check: Rd files
Result: NOTE
checkRd: (-1) KOS_Data.Rd:9: Lost braces; missing escapes or markup?
9 | \item{TrainData}{ (179 x 4) Matrix of training data features. the first two features satisfy sqrt(x_{i1}^2 + x_{i2}^2) > 2/3 if the ith sample is in class 1.
| ^
checkRd: (-1) KOS_Data.Rd:9: Lost braces; missing escapes or markup?
9 | \item{TrainData}{ (179 x 4) Matrix of training data features. the first two features satisfy sqrt(x_{i1}^2 + x_{i2}^2) > 2/3 if the ith sample is in class 1.
| ^
checkRd: (-1) KOS_Data.Rd:10: Lost braces; missing escapes or markup?
10 | Otherwise, they satisfy sqrt(x_{i1}^2 + x_{i2}^2) < 2/3 - 1/10 if the ith sample is in class 2.
| ^
checkRd: (-1) KOS_Data.Rd:10: Lost braces; missing escapes or markup?
10 | Otherwise, they satisfy sqrt(x_{i1}^2 + x_{i2}^2) < 2/3 - 1/10 if the ith sample is in class 2.
| ^
checkRd: (-1) KOS_Data.Rd:12: Lost braces; missing escapes or markup?
12 | \item{TestData}{ (94 x 4) Matrix of test data features. the first two features satisfy sqrt(x_{i1}^2 + x_{i2}^2) > 2/3 if the ith sample is in class 1.
| ^
checkRd: (-1) KOS_Data.Rd:12: Lost braces; missing escapes or markup?
12 | \item{TestData}{ (94 x 4) Matrix of test data features. the first two features satisfy sqrt(x_{i1}^2 + x_{i2}^2) > 2/3 if the ith sample is in class 1.
| ^
checkRd: (-1) KOS_Data.Rd:13: Lost braces; missing escapes or markup?
13 | Otherwise, they satisfy sqrt(x_{i1}^2 + x_{i2}^2) < 2/3 - 1/10 if the ith sample is in class 2.
| ^
checkRd: (-1) KOS_Data.Rd:13: Lost braces; missing escapes or markup?
13 | Otherwise, they satisfy sqrt(x_{i1}^2 + x_{i2}^2) < 2/3 - 1/10 if the ith sample is in class 2.
| ^
checkRd: (-1) SelectParams.Rd:32: Lost braces; missing escapes or markup?
32 | The Gaussian kernel parameter is generated using five-fold cross-validation of the misclassification error rate aross the {.05, .1, .2, .3, .5} quantiles of squared-distances between groups.
| ^
Flavors: r-devel-linux-x86_64-debian-clang, r-devel-linux-x86_64-debian-gcc, r-devel-linux-x86_64-fedora-clang, r-devel-linux-x86_64-fedora-gcc, r-devel-windows-x86_64, r-patched-linux-x86_64, r-release-linux-x86_64, r-release-macos-arm64, r-release-macos-x86_64, r-release-windows-x86_64, r-oldrel-macos-arm64, r-oldrel-macos-x86_64, r-oldrel-windows-x86_64
Version: 1.3
Check: dependencies in R code
Result: NOTE
Namespaces in Imports field not imported from:
‘DAAG’ ‘datasets’ ‘expm’ ‘mvtnorm’
All declared Imports should be used.
Flavors: r-devel-linux-x86_64-fedora-clang, r-devel-linux-x86_64-fedora-gcc
Version: 1.3
Check: re-building of vignette outputs
Result: FAIL
Check process probably crashed or hung up for 20 minutes ... killed
Most likely this happened in the example checks (?),
if not, ignore the following last lines of example output:
> cleanEx()
> nameEx("SelectParams")
> ### * SelectParams
>
> flush(stderr()); flush(stdout())
>
> ### Name: SelectParams
> ### Title: Generates parameters.
> ### Aliases: SelectParams
>
> ### ** Examples
>
>
>
>
> ### * <FOOTER>
> ###
> cleanEx()
> options(digits = 7L)
> base::cat("Time elapsed: ", proc.time() - base::get("ptime", pos = 'CheckExEnv'),"\n")
Time elapsed: 3.63 0.47 4.1 NA NA
> grDevices::dev.off()
null device
1
> ###
> ### Local variables: ***
> ### mode: outline-minor ***
> ### outline-regexp: "\\(> \\)?### [*]+" ***
> ### End: ***
> quit('no')
======== End of example output (where/before crash/hang up occured ?) ========
Flavor: r-release-windows-x86_64
These binaries (installable software) and packages are in development.
They may not be fully stable and should be used with caution. We make no claims about them.