Last updated on 2025-05-01 12:49:23 CEST.
Flavor | Version | Tinstall | Tcheck | Ttotal | Status | Flags |
---|---|---|---|---|---|---|
r-devel-linux-x86_64-debian-clang | 0.0.10 | 6.70 | 53.52 | 60.22 | NOTE | |
r-devel-linux-x86_64-debian-gcc | 0.0.10 | 5.17 | 38.25 | 43.42 | ERROR | |
r-devel-linux-x86_64-fedora-clang | 0.0.10 | 94.49 | OK | |||
r-devel-linux-x86_64-fedora-gcc | 0.0.10 | 89.10 | OK | |||
r-devel-windows-x86_64 | 0.0.10 | 10.00 | 72.00 | 82.00 | NOTE | |
r-patched-linux-x86_64 | 0.0.10 | 7.34 | 50.68 | 58.02 | NOTE | |
r-release-linux-x86_64 | NOTE | |||||
r-release-macos-arm64 | 0.0.10 | 39.00 | OK | |||
r-release-macos-x86_64 | 0.0.10 | 58.00 | OK | |||
r-release-windows-x86_64 | 0.0.10 | 11.00 | 74.00 | 85.00 | NOTE | |
r-oldrel-macos-arm64 | 0.0.10 | 37.00 | OK | |||
r-oldrel-macos-x86_64 | 0.0.10 | 95.00 | OK | |||
r-oldrel-windows-x86_64 | 0.0.10 | 11.00 | 89.00 | 100.00 | OK |
Version: 0.0.10
Check: Rd cross-references
Result: NOTE
Found the following Rd file(s) with Rd \link{} targets missing package
anchors:
detect_keys.Rd: read_rmd
doi2bib.Rd: cr_cn
reflist.Rd: write_rmd, render_rmd
Please provide package anchors for all Rd \link{} targets not in the
package itself and the base packages.
Flavors: r-devel-linux-x86_64-debian-clang, r-devel-linux-x86_64-debian-gcc, r-devel-windows-x86_64, r-patched-linux-x86_64, r-release-linux-x86_64, r-release-windows-x86_64
Version: 0.0.10
Check: examples
Result: ERROR
Running examples in ‘biblio-Ex.R’ failed
The error most likely occurred in:
> base::assign(".ptime", proc.time(), pos = "CheckExEnv")
> ### Name: doi2bib
> ### Title: Downloading bibliogrphic references from DOIs
> ### Aliases: doi2bib
>
> ### ** Examples
>
> ## Retrieve bibliographic entries for two publications
> dois <- c("10.1111/1748-5967.12330",
+ "10.1016/j.envsci.2019.03.017")
>
> bibrefs <- doi2bib(dois)
Warning: Failure in resolving '10.1111/1748-5967.12330'. See error detail in results.
Warning: Failure in resolving '10.1016/j.envsci.2019.03.017'. See error detail in results.
Error in `$<-.data.frame`(`*tmp*`, "content", value = NA_character_) :
replacement has 1 row, data has 0
Calls: doi2bib -> read_bib -> $<- -> $<-.data.frame
Execution halted
Flavor: r-devel-linux-x86_64-debian-gcc
These binaries (installable software) and packages are in development.
They may not be fully stable and should be used with caution. We make no claims about them.