Last updated on 2024-07-27 15:50:12 CEST.
Flavor | Version | Tinstall | Tcheck | Ttotal | Status | Flags |
---|---|---|---|---|---|---|
r-devel-linux-x86_64-debian-clang | 0.0.10 | 9.59 | 66.16 | 75.75 | OK | |
r-devel-linux-x86_64-debian-gcc | 0.0.10 | NOTE | ||||
r-devel-linux-x86_64-fedora-clang | 0.0.10 | 95.34 | NOTE | |||
r-devel-linux-x86_64-fedora-gcc | 0.0.10 | 88.17 | NOTE | |||
r-devel-windows-x86_64 | 0.0.10 | 9.00 | 73.00 | 82.00 | NOTE | |
r-patched-linux-x86_64 | 0.0.10 | OK | ||||
r-release-linux-x86_64 | 0.0.10 | 9.15 | 64.99 | 74.14 | OK | |
r-release-macos-arm64 | 0.0.10 | 37.00 | OK | |||
r-release-macos-x86_64 | 0.0.10 | 95.00 | OK | |||
r-release-windows-x86_64 | 0.0.10 | 11.00 | 74.00 | 85.00 | OK | |
r-oldrel-macos-arm64 | 0.0.10 | 44.00 | OK | |||
r-oldrel-macos-x86_64 | 0.0.10 | 68.00 | OK | |||
r-oldrel-windows-x86_64 | 0.0.10 | 11.00 | 84.00 | 95.00 | OK |
Version: 0.0.10
Check: Rd cross-references
Result: NOTE
Found the following Rd file(s) with Rd \link{} targets missing package
anchors:
detect_keys.Rd: read_rmd
doi2bib.Rd: cr_cn
reflist.Rd: write_rmd, render_rmd
Please provide package anchors for all Rd \link{} targets not in the
package itself and the base packages.
Flavors: r-devel-linux-x86_64-debian-gcc, r-devel-windows-x86_64
Version: 0.0.10
Check: data for non-ASCII characters
Result: NOTE
Note: found 1904 marked UTF-8 strings
Flavors: r-devel-linux-x86_64-fedora-clang, r-devel-linux-x86_64-fedora-gcc
These binaries (installable software) and packages are in development.
They may not be fully stable and should be used with caution. We make no claims about them.