CRAN Package Check Results for Package biblionetwork

Last updated on 2025-07-17 01:49:43 CEST.

Flavor Version Tinstall Tcheck Ttotal Status Flags
r-devel-linux-x86_64-debian-clang 0.1.0 2.68 38.42 41.10 NOTE
r-devel-linux-x86_64-debian-gcc 0.1.0 1.86 32.90 34.76 NOTE
r-devel-linux-x86_64-fedora-clang 0.1.0 58.91 OK
r-devel-linux-x86_64-fedora-gcc 0.1.0 70.36 OK
r-devel-windows-x86_64 0.1.0 4.00 58.00 62.00 OK
r-patched-linux-x86_64 0.1.0 2.97 34.10 37.07 OK
r-release-linux-x86_64 0.1.0 2.37 34.13 36.50 OK
r-release-macos-arm64 0.1.0 31.00 OK
r-release-macos-x86_64 0.1.0 54.00 OK
r-release-windows-x86_64 0.1.0 4.00 59.00 63.00 OK
r-oldrel-macos-arm64 0.1.0 27.00 OK
r-oldrel-macos-x86_64 0.1.0 47.00 OK
r-oldrel-windows-x86_64 0.1.0 5.00 66.00 71.00 OK

Check Details

Version: 0.1.0
Check: CRAN incoming feasibility
Result: NOTE Maintainer: ‘Aurélien Goutsmedt <agoutsmedt@hotmail.fr>’ Package CITATION file contains call(s) to old-style personList() or as.personList(). Please use c() on person objects instead. Package CITATION file contains call(s) to old-style citEntry(). Please use bibentry() instead. Flavors: r-devel-linux-x86_64-debian-clang, r-devel-linux-x86_64-debian-gcc

These binaries (installable software) and packages are in development.
They may not be fully stable and should be used with caution. We make no claims about them.