CRAN Package Check Results for Package biblionetwork

Last updated on 2025-10-02 23:48:45 CEST.

Flavor Version Tinstall Tcheck Ttotal Status Flags
r-devel-linux-x86_64-debian-clang 0.1.0 2.53 42.07 44.60 NOTE
r-devel-linux-x86_64-debian-gcc 0.1.0 2.09 35.00 37.09 NOTE
r-devel-linux-x86_64-fedora-clang 0.1.0 59.10 OK
r-devel-linux-x86_64-fedora-gcc 0.1.0 72.02 OK
r-devel-windows-x86_64 0.1.0 4.00 59.00 63.00 OK
r-patched-linux-x86_64 0.1.0 2.78 36.92 39.70 OK
r-release-linux-x86_64 0.1.0 2.47 37.25 39.72 OK
r-release-macos-arm64 0.1.0 31.00 OK
r-release-macos-x86_64 0.1.0 54.00 OK
r-release-windows-x86_64 0.1.0 4.00 58.00 62.00 OK
r-oldrel-macos-arm64 0.1.0 27.00 OK
r-oldrel-macos-x86_64 0.1.0 47.00 OK
r-oldrel-windows-x86_64 0.1.0 5.00 63.00 68.00 OK

Check Details

Version: 0.1.0
Check: CRAN incoming feasibility
Result: NOTE Maintainer: ‘Aurélien Goutsmedt <agoutsmedt@hotmail.fr>’ Package CITATION file contains call(s) to old-style personList() or as.personList(). Please use c() on person objects instead. Package CITATION file contains call(s) to old-style citEntry(). Please use bibentry() instead. Flavors: r-devel-linux-x86_64-debian-clang, r-devel-linux-x86_64-debian-gcc

These binaries (installable software) and packages are in development.
They may not be fully stable and should be used with caution. We make no claims about them.