CRAN Package Check Results for Package bibs

Last updated on 2025-05-01 21:52:56 CEST.

Flavor Version Tinstall Tcheck Ttotal Status Flags
r-devel-linux-x86_64-debian-clang 1.1.1 2.57 25.52 28.09 NOTE
r-devel-linux-x86_64-debian-gcc 1.1.1 2.11 19.94 22.05 NOTE
r-devel-linux-x86_64-fedora-clang 1.1.1 44.27 NOTE
r-devel-linux-x86_64-fedora-gcc 1.1.1 41.88 NOTE
r-devel-windows-x86_64 1.1.1 3.00 46.00 49.00 NOTE
r-patched-linux-x86_64 1.1.1 2.70 23.91 26.61 NOTE
r-release-linux-x86_64 NOTE
r-release-macos-arm64 1.1.1 17.00 NOTE
r-release-macos-x86_64 1.1.1 34.00 NOTE
r-release-windows-x86_64 1.1.1 4.00 49.00 53.00 NOTE
r-oldrel-macos-arm64 1.1.1 21.00 NOTE
r-oldrel-macos-x86_64 1.1.1 36.00 NOTE
r-oldrel-windows-x86_64 1.1.1 4.00 45.00 49.00 NOTE

Check Details

Version: 1.1.1
Check: CRAN incoming feasibility
Result: NOTE Maintainer: ‘Mahdi Teimouri <teimouri@aut.ac.ir>’ No Authors@R field in DESCRIPTION. Please add one, modifying Authors@R: person(given = "Mahdi", family = "Teimouri", role = c("aut", "cre"), email = "teimouri@aut.ac.ir") as necessary. Flavors: r-devel-linux-x86_64-debian-clang, r-devel-linux-x86_64-debian-gcc

Version: 1.1.1
Check: Rd files
Result: NOTE checkRd: (-1) Jeffreysbs.Rd:17: Escaped LaTeX specials: \& Flavors: r-devel-linux-x86_64-debian-clang, r-devel-linux-x86_64-debian-gcc, r-devel-linux-x86_64-fedora-clang, r-devel-linux-x86_64-fedora-gcc, r-devel-windows-x86_64, r-patched-linux-x86_64, r-release-linux-x86_64, r-release-macos-arm64, r-release-macos-x86_64, r-release-windows-x86_64, r-oldrel-macos-arm64, r-oldrel-macos-x86_64, r-oldrel-windows-x86_64

These binaries (installable software) and packages are in development.
They may not be fully stable and should be used with caution. We make no claims about them.