Last updated on 2025-02-16 10:50:42 CET.
Flavor | Version | Tinstall | Tcheck | Ttotal | Status | Flags |
---|---|---|---|---|---|---|
r-devel-linux-x86_64-debian-clang | 1.1.1 | 2.62 | 25.06 | 27.68 | NOTE | |
r-devel-linux-x86_64-debian-gcc | 1.1.1 | 1.91 | 19.07 | 20.98 | NOTE | |
r-devel-linux-x86_64-fedora-clang | 1.1.1 | 45.91 | NOTE | |||
r-devel-linux-x86_64-fedora-gcc | 1.1.1 | 42.20 | NOTE | |||
r-devel-macos-arm64 | 1.1.1 | 18.00 | NOTE | |||
r-devel-macos-x86_64 | 1.1.1 | 32.00 | NOTE | |||
r-devel-windows-x86_64 | 1.1.1 | 3.00 | 46.00 | 49.00 | NOTE | |
r-patched-linux-x86_64 | 1.1.1 | 2.66 | 23.50 | 26.16 | NOTE | |
r-release-linux-x86_64 | 1.1.1 | 2.66 | 23.58 | 26.24 | NOTE | |
r-release-macos-arm64 | 1.1.1 | 21.00 | NOTE | |||
r-release-macos-x86_64 | 1.1.1 | 36.00 | NOTE | |||
r-release-windows-x86_64 | 1.1.1 | 4.00 | 45.00 | 49.00 | NOTE | |
r-oldrel-macos-arm64 | 1.1.1 | 21.00 | NOTE | |||
r-oldrel-macos-x86_64 | 1.1.1 | 26.00 | NOTE | |||
r-oldrel-windows-x86_64 | 1.1.1 | 4.00 | 48.00 | 52.00 | NOTE |
Version: 1.1.1
Check: Rd files
Result: NOTE
checkRd: (-1) Jeffreysbs.Rd:17: Escaped LaTeX specials: \&
Flavors: r-devel-linux-x86_64-debian-clang, r-devel-linux-x86_64-debian-gcc, r-devel-linux-x86_64-fedora-clang, r-devel-linux-x86_64-fedora-gcc, r-devel-macos-arm64, r-devel-macos-x86_64, r-devel-windows-x86_64, r-patched-linux-x86_64, r-release-linux-x86_64, r-release-macos-arm64, r-release-macos-x86_64, r-release-windows-x86_64, r-oldrel-macos-arm64, r-oldrel-macos-x86_64, r-oldrel-windows-x86_64
These binaries (installable software) and packages are in development.
They may not be fully stable and should be used with caution. We make no claims about them.