Last updated on 2025-02-16 10:50:42 CET.
Flavor | Version | Tinstall | Tcheck | Ttotal | Status | Flags |
---|---|---|---|---|---|---|
r-devel-linux-x86_64-debian-clang | 0.2.3 | 7.34 | 129.15 | 136.49 | OK | |
r-devel-linux-x86_64-debian-gcc | 0.2.3 | 5.81 | 87.00 | 92.81 | OK | |
r-devel-linux-x86_64-fedora-clang | 0.2.3 | 237.00 | NOTE | |||
r-devel-linux-x86_64-fedora-gcc | 0.2.3 | 227.11 | NOTE | |||
r-devel-macos-arm64 | 0.2.3 | 64.00 | OK | |||
r-devel-macos-x86_64 | 0.2.3 | 186.00 | OK | |||
r-devel-windows-x86_64 | 0.2.3 | 12.00 | 134.00 | 146.00 | OK | |
r-patched-linux-x86_64 | 0.2.3 | 8.37 | 121.75 | 130.12 | OK | |
r-release-linux-x86_64 | 0.2.3 | 8.37 | 121.79 | 130.16 | OK | |
r-release-macos-arm64 | 0.2.3 | 61.00 | OK | |||
r-release-macos-x86_64 | 0.2.3 | 116.00 | OK | |||
r-release-windows-x86_64 | 0.2.3 | 10.00 | 132.00 | 142.00 | OK | |
r-oldrel-macos-arm64 | 0.2.3 | 68.00 | OK | |||
r-oldrel-macos-x86_64 | 0.2.3 | 115.00 | OK | |||
r-oldrel-windows-x86_64 | 0.2.3 | 14.00 | 166.00 | 180.00 | OK |
Version: 0.2.3
Check: dependencies in R code
Result: NOTE
Namespace in Imports field not imported from: ‘nycflights13’
All declared Imports should be used.
Flavors: r-devel-linux-x86_64-fedora-clang, r-devel-linux-x86_64-fedora-gcc
These binaries (installable software) and packages are in development.
They may not be fully stable and should be used with caution. We make no claims about them.