Last updated on 2024-07-27 15:50:12 CEST.
Flavor | Version | Tinstall | Tcheck | Ttotal | Status | Flags |
---|---|---|---|---|---|---|
r-devel-linux-x86_64-debian-clang | 0.2.3 | 11.52 | 171.98 | 183.50 | OK | |
r-devel-linux-x86_64-debian-gcc | 0.2.3 | OK | ||||
r-devel-linux-x86_64-fedora-clang | 0.2.3 | 221.36 | NOTE | |||
r-devel-linux-x86_64-fedora-gcc | 0.2.3 | 222.71 | NOTE | |||
r-devel-windows-x86_64 | 0.2.3 | 12.00 | 134.00 | 146.00 | OK | |
r-patched-linux-x86_64 | 0.2.3 | OK | ||||
r-release-linux-x86_64 | 0.2.3 | 9.55 | 160.02 | 169.57 | OK | |
r-release-macos-arm64 | 0.2.3 | 61.00 | OK | |||
r-release-macos-x86_64 | 0.2.3 | 116.00 | OK | |||
r-release-windows-x86_64 | 0.2.3 | 10.00 | 133.00 | 143.00 | OK | |
r-oldrel-macos-arm64 | 0.2.3 | 68.00 | OK | |||
r-oldrel-macos-x86_64 | 0.2.3 | 115.00 | OK | |||
r-oldrel-windows-x86_64 | 0.2.3 | 13.00 | 170.00 | 183.00 | OK |
Version: 0.2.3
Check: dependencies in R code
Result: NOTE
Namespace in Imports field not imported from: ‘nycflights13’
All declared Imports should be used.
Flavors: r-devel-linux-x86_64-fedora-clang, r-devel-linux-x86_64-fedora-gcc
These binaries (installable software) and packages are in development.
They may not be fully stable and should be used with caution. We make no claims about them.