Last updated on 2025-02-16 10:50:42 CET.
Flavor | Version | Tinstall | Tcheck | Ttotal | Status | Flags |
---|---|---|---|---|---|---|
r-devel-linux-x86_64-debian-clang | 0.7.2 | 30.16 | 32.87 | 63.03 | NOTE | |
r-devel-linux-x86_64-debian-gcc | 0.7.2 | 19.34 | 25.62 | 44.96 | NOTE | |
r-devel-linux-x86_64-fedora-clang | 0.7.2 | 116.66 | NOTE | |||
r-devel-linux-x86_64-fedora-gcc | 0.7.2 | 124.00 | NOTE | |||
r-devel-macos-arm64 | 0.7.2 | 35.00 | NOTE | |||
r-devel-macos-x86_64 | 0.7.2 | 56.00 | NOTE | |||
r-devel-windows-x86_64 | 0.7.2 | 32.00 | 74.00 | 106.00 | NOTE | |
r-patched-linux-x86_64 | 0.7.2 | 25.69 | 31.46 | 57.15 | NOTE | |
r-release-linux-x86_64 | 0.7.2 | 24.81 | 31.30 | 56.11 | NOTE | |
r-release-macos-arm64 | 0.7.2 | 40.00 | NOTE | |||
r-release-macos-x86_64 | 0.7.2 | 84.00 | NOTE | |||
r-release-windows-x86_64 | 0.7.2 | 32.00 | 74.00 | 106.00 | NOTE | |
r-oldrel-macos-arm64 | 0.7.2 | 42.00 | NOTE | |||
r-oldrel-macos-x86_64 | 0.7.2 | 64.00 | NOTE | |||
r-oldrel-windows-x86_64 | 0.7.2 | 39.00 | 88.00 | 127.00 | NOTE |
Version: 0.7.2
Check: C++ specification
Result: NOTE
Specified C++11: please drop specification unless essential
Flavors: r-devel-linux-x86_64-debian-clang, r-devel-linux-x86_64-debian-gcc, r-devel-linux-x86_64-fedora-clang, r-devel-linux-x86_64-fedora-gcc, r-devel-macos-arm64, r-devel-macos-x86_64, r-devel-windows-x86_64, r-patched-linux-x86_64, r-release-linux-x86_64, r-release-macos-arm64, r-release-macos-x86_64, r-release-windows-x86_64, r-oldrel-macos-arm64, r-oldrel-macos-x86_64, r-oldrel-windows-x86_64
These binaries (installable software) and packages are in development.
They may not be fully stable and should be used with caution. We make no claims about them.