CRAN Package Check Results for Package bife

Last updated on 2025-05-21 21:49:11 CEST.

Flavor Version Tinstall Tcheck Ttotal Status Flags
r-devel-linux-x86_64-debian-clang 0.7.2 27.35 34.19 61.54 NOTE
r-devel-linux-x86_64-debian-gcc 0.7.2 19.44 26.96 46.40 NOTE
r-devel-linux-x86_64-fedora-clang 0.7.2 115.86 NOTE
r-devel-linux-x86_64-fedora-gcc 0.7.2 122.24 NOTE
r-devel-windows-x86_64 0.7.2 34.00 81.00 115.00 NOTE
r-patched-linux-x86_64 0.7.2 27.15 33.08 60.23 NOTE
r-release-linux-x86_64 0.7.2 26.80 32.37 59.17 NOTE
r-release-macos-arm64 0.7.2 50.00 NOTE
r-release-macos-x86_64 0.7.2 63.00 NOTE
r-release-windows-x86_64 0.7.2 35.00 85.00 120.00 NOTE
r-oldrel-macos-arm64 0.7.2 40.00 NOTE
r-oldrel-macos-x86_64 0.7.2 84.00 NOTE
r-oldrel-windows-x86_64 0.7.2 40.00 88.00 128.00 NOTE

Check Details

Version: 0.7.2
Check: C++ specification
Result: NOTE Specified C++11: please drop specification unless essential Flavors: r-devel-linux-x86_64-debian-clang, r-devel-linux-x86_64-debian-gcc, r-devel-linux-x86_64-fedora-clang, r-devel-linux-x86_64-fedora-gcc, r-devel-windows-x86_64, r-patched-linux-x86_64, r-release-linux-x86_64, r-release-macos-arm64, r-release-macos-x86_64, r-release-windows-x86_64, r-oldrel-macos-arm64, r-oldrel-macos-x86_64, r-oldrel-windows-x86_64

These binaries (installable software) and packages are in development.
They may not be fully stable and should be used with caution. We make no claims about them.