Last updated on 2025-10-27 13:49:56 CET.
| Flavor | Version | Tinstall | Tcheck | Ttotal | Status | Flags |
|---|---|---|---|---|---|---|
| r-devel-linux-x86_64-fedora-clang | 0.7.3 | 29.00 | 63.59 | 92.59 | OK | |
| r-devel-linux-x86_64-fedora-gcc | 0.7.3 | 23.00 | 72.52 | 95.52 | OK | |
| r-release-macos-arm64 | 0.7.2 | 13.00 | 37.00 | 50.00 | NOTE | |
| r-release-macos-x86_64 | 0.7.2 | 15.00 | 48.00 | 63.00 | NOTE | |
| r-oldrel-macos-arm64 | 0.7.3 | 14.00 | 26.00 | 40.00 | OK | |
| r-oldrel-macos-x86_64 | 0.7.3 | 53.00 | 167.00 | 220.00 | OK |
Version: 0.7.2
Check: C++ specification
Result: NOTE
Specified C++11: please drop specification unless essential
Flavors: r-release-macos-arm64, r-release-macos-x86_64
These binaries (installable software) and packages are in development.
They may not be fully stable and should be used with caution. We make no claims about them.