Last updated on 2025-10-23 17:50:42 CEST.
| Flavor | Version | Tinstall | Tcheck | Ttotal | Status | Flags |
|---|---|---|---|---|---|---|
| r-devel-linux-x86_64-debian-clang | 0.3.1 | 11.52 | 50.12 | 61.64 | NOTE | |
| r-devel-linux-x86_64-debian-gcc | 0.3.1 | 9.39 | 37.82 | 47.21 | OK | |
| r-devel-linux-x86_64-fedora-clang | 0.3.1 | 54.00 | 45.42 | 99.42 | OK | |
| r-devel-linux-x86_64-fedora-gcc | 0.3.1 | 24.00 | 67.12 | 91.12 | OK | |
| r-devel-windows-x86_64 | 0.3.1 | 12.00 | 69.00 | 81.00 | OK | |
| r-patched-linux-x86_64 | 0.3.1 | 10.86 | 48.88 | 59.74 | OK | |
| r-release-linux-x86_64 | 0.3.1 | 10.96 | 48.51 | 59.47 | OK | |
| r-release-macos-arm64 | 0.3.1 | 7.00 | 53.00 | 60.00 | OK | |
| r-release-macos-x86_64 | 0.3.1 | 11.00 | 104.00 | 115.00 | OK | |
| r-release-windows-x86_64 | 0.3.1 | 12.00 | 70.00 | 82.00 | OK | |
| r-oldrel-macos-arm64 | 0.3.1 | 7.00 | 46.00 | 53.00 | OK | |
| r-oldrel-macos-x86_64 | 0.3.1 | 11.00 | 110.00 | 121.00 | OK | |
| r-oldrel-windows-x86_64 | 0.3.1 | 16.00 | 81.00 | 97.00 | OK |
Version: 0.3.1
Check: HTML version of manual
Result: NOTE
Found the following HTML validation problems:
fdt.html:1459:1 (fdt.Rd:884): Warning: missing </ul> before </div>
Flavor: r-devel-linux-x86_64-debian-clang
These binaries (installable software) and packages are in development.
They may not be fully stable and should be used with caution. We make no claims about them.