Last updated on 2025-02-02 14:48:18 CET.
Flavor | Version | Tinstall | Tcheck | Ttotal | Status | Flags |
---|---|---|---|---|---|---|
r-devel-linux-x86_64-debian-clang | 0.5.5 | 24.63 | 122.11 | 146.74 | OK | |
r-devel-linux-x86_64-debian-gcc | 0.5.5 | 17.84 | 87.16 | 105.00 | OK | |
r-devel-linux-x86_64-fedora-clang | 0.5.5 | 240.24 | OK | |||
r-devel-linux-x86_64-fedora-gcc | 0.5.5 | 224.57 | OK | |||
r-devel-windows-x86_64 | 0.5.5 | 24.00 | 126.00 | 150.00 | OK | |
r-patched-linux-x86_64 | 0.5.5 | 23.67 | 113.55 | 137.22 | NOTE | |
r-release-linux-x86_64 | 0.5.5 | 21.81 | 114.19 | 136.00 | NOTE | |
r-release-macos-arm64 | 0.5.5 | 69.00 | NOTE | |||
r-release-macos-x86_64 | 0.5.5 | 169.00 | NOTE | |||
r-release-windows-x86_64 | 0.5.5 | 25.00 | 128.00 | 153.00 | OK | |
r-oldrel-macos-arm64 | 0.5.5 | 71.00 | NOTE | |||
r-oldrel-macos-x86_64 | 0.5.5 | 151.00 | NOTE | |||
r-oldrel-windows-x86_64 | 0.5.5 | 30.00 | 162.00 | 192.00 | NOTE |
Version: 0.5.5
Check: package dependencies
Result: NOTE
Package suggested but not available for checking: ‘INLA’
Flavors: r-patched-linux-x86_64, r-release-linux-x86_64, r-release-macos-arm64, r-release-macos-x86_64, r-oldrel-macos-arm64, r-oldrel-macos-x86_64, r-oldrel-windows-x86_64
Version: 0.5.5
Check: installed package size
Result: NOTE
installed size is 5.6Mb
sub-directories of 1Mb or more:
data 5.2Mb
Flavors: r-release-macos-arm64, r-release-macos-x86_64, r-oldrel-macos-arm64, r-oldrel-macos-x86_64
These binaries (installable software) and packages are in development.
They may not be fully stable and should be used with caution. We make no claims about them.