Last updated on 2025-05-08 04:51:59 CEST.
Flavor | Version | Tinstall | Tcheck | Ttotal | Status | Flags |
---|---|---|---|---|---|---|
r-devel-linux-x86_64-debian-clang | 0.5.6 | 22.03 | 125.08 | 147.11 | OK | |
r-devel-linux-x86_64-debian-gcc | 0.5.6 | 18.68 | 89.47 | 108.15 | OK | |
r-devel-linux-x86_64-fedora-clang | 0.5.6 | 242.57 | OK | |||
r-devel-linux-x86_64-fedora-gcc | 0.5.6 | 238.22 | OK | |||
r-devel-windows-x86_64 | 0.5.6 | 25.00 | 131.00 | 156.00 | OK | |
r-patched-linux-x86_64 | 0.5.6 | 21.86 | 116.14 | 138.00 | OK | |
r-release-linux-x86_64 | 0.5.6 | 20.53 | 116.47 | 137.00 | OK | |
r-release-macos-arm64 | 0.5.6 | 74.00 | OK | |||
r-release-macos-x86_64 | 0.5.6 | 154.00 | OK | |||
r-release-windows-x86_64 | 0.5.6 | 29.00 | 132.00 | 161.00 | OK | |
r-oldrel-macos-arm64 | 0.5.6 | 67.00 | NOTE | |||
r-oldrel-macos-x86_64 | 0.5.6 | 130.00 | NOTE | |||
r-oldrel-windows-x86_64 | 0.5.6 | 32.00 | 162.00 | 194.00 | OK |
Version: 0.5.6
Check: package dependencies
Result: NOTE
Package suggested but not available for checking: ‘INLA’
Flavors: r-oldrel-macos-arm64, r-oldrel-macos-x86_64
Version: 0.5.6
Check: installed package size
Result: NOTE
installed size is 5.6Mb
sub-directories of 1Mb or more:
data 5.2Mb
Flavors: r-oldrel-macos-arm64, r-oldrel-macos-x86_64
These binaries (installable software) and packages are in development.
They may not be fully stable and should be used with caution. We make no claims about them.