Last updated on 2025-10-03 01:49:39 CEST.
Flavor | Version | Tinstall | Tcheck | Ttotal | Status | Flags |
---|---|---|---|---|---|---|
r-devel-linux-x86_64-debian-clang | 0.5.7 | 25.67 | 127.26 | 152.93 | OK | |
r-devel-linux-x86_64-debian-gcc | 0.5.7 | 19.34 | 89.73 | 109.07 | OK | |
r-devel-linux-x86_64-fedora-clang | 0.5.7 | 238.04 | OK | |||
r-devel-linux-x86_64-fedora-gcc | 0.5.7 | 231.12 | OK | |||
r-devel-windows-x86_64 | 0.5.7 | 26.00 | 138.00 | 164.00 | OK | |
r-patched-linux-x86_64 | 0.5.7 | 24.13 | 121.12 | 145.25 | OK | |
r-release-linux-x86_64 | 0.5.7 | 23.05 | 118.78 | 141.83 | OK | |
r-release-macos-arm64 | 0.5.7 | 69.00 | OK | |||
r-release-macos-x86_64 | 0.5.7 | 136.00 | OK | |||
r-release-windows-x86_64 | 0.5.7 | 25.00 | 129.00 | 154.00 | OK | |
r-oldrel-macos-arm64 | 0.5.7 | 72.00 | NOTE | |||
r-oldrel-macos-x86_64 | 0.5.7 | 129.00 | NOTE | |||
r-oldrel-windows-x86_64 | 0.5.7 | 32.00 | 163.00 | 195.00 | OK |
Version: 0.5.7
Check: package dependencies
Result: NOTE
Package suggested but not available for checking: ‘INLA’
Flavors: r-oldrel-macos-arm64, r-oldrel-macos-x86_64
Version: 0.5.7
Check: installed package size
Result: NOTE
installed size is 5.6Mb
sub-directories of 1Mb or more:
data 5.2Mb
Flavors: r-oldrel-macos-arm64, r-oldrel-macos-x86_64
These binaries (installable software) and packages are in development.
They may not be fully stable and should be used with caution. We make no claims about them.