Last updated on 2025-11-12 19:51:42 CET.
| Flavor | Version | Tinstall | Tcheck | Ttotal | Status | Flags |
|---|---|---|---|---|---|---|
| r-devel-linux-x86_64-debian-clang | 0.5.7 | 23.58 | 127.24 | 150.82 | OK | |
| r-devel-linux-x86_64-debian-gcc | 0.5.7 | 17.40 | 91.01 | 108.41 | OK | |
| r-devel-linux-x86_64-fedora-clang | 0.5.7 | 89.00 | 150.93 | 239.93 | OK | |
| r-devel-linux-x86_64-fedora-gcc | 0.5.7 | 51.00 | 175.29 | 226.29 | OK | |
| r-devel-windows-x86_64 | 0.5.7 | 26.00 | 129.00 | 155.00 | OK | |
| r-patched-linux-x86_64 | 0.5.7 | 24.63 | 120.34 | 144.97 | OK | |
| r-release-linux-x86_64 | 0.5.7 | 22.89 | 121.83 | 144.72 | OK | |
| r-release-macos-arm64 | 0.5.7 | 14.00 | 55.00 | 69.00 | OK | |
| r-release-macos-x86_64 | 0.5.7 | 30.00 | 106.00 | 136.00 | OK | |
| r-release-windows-x86_64 | 0.5.7 | 26.00 | 132.00 | 158.00 | OK | |
| r-oldrel-macos-arm64 | 0.5.7 | 15.00 | 57.00 | 72.00 | NOTE | |
| r-oldrel-macos-x86_64 | 0.5.7 | 25.00 | 104.00 | 129.00 | NOTE | |
| r-oldrel-windows-x86_64 | 0.5.7 | 34.00 | 157.00 | 191.00 | OK |
Version: 0.5.7
Check: package dependencies
Result: NOTE
Package suggested but not available for checking: ‘INLA’
Flavors: r-oldrel-macos-arm64, r-oldrel-macos-x86_64
Version: 0.5.7
Check: installed package size
Result: NOTE
installed size is 5.6Mb
sub-directories of 1Mb or more:
data 5.2Mb
Flavors: r-oldrel-macos-arm64, r-oldrel-macos-x86_64
These binaries (installable software) and packages are in development.
They may not be fully stable and should be used with caution. We make no claims about them.