Last updated on 2025-11-13 21:49:52 CET.
| Flavor | Version | Tinstall | Tcheck | Ttotal | Status | Flags |
|---|---|---|---|---|---|---|
| r-devel-linux-x86_64-debian-clang | 0.1.9 | 13.52 | 42.52 | 56.04 | OK | |
| r-devel-linux-x86_64-debian-gcc | 0.1.9 | 11.48 | 34.94 | 46.42 | OK | |
| r-devel-linux-x86_64-fedora-clang | 0.1.9 | 54.00 | 37.73 | 91.73 | OK | |
| r-devel-linux-x86_64-fedora-gcc | 0.1.9 | 34.00 | 50.51 | 84.51 | OK | |
| r-patched-linux-x86_64 | 0.1.9 | 12.46 | 40.21 | 52.67 | OK | |
| r-release-linux-x86_64 | 0.1.9 | 11.54 | 41.04 | 52.58 | OK | |
| r-release-macos-arm64 | 0.1.9 | 5.00 | ERROR | |||
| r-release-macos-x86_64 | 0.1.9 | 8.00 | ERROR | |||
| r-oldrel-macos-arm64 | 0.1.9 | 10.00 | ERROR | |||
| r-oldrel-macos-x86_64 | 0.1.9 | 12.00 | ERROR |
Version: 0.1.9
Check: package dependencies
Result: ERROR
Package required but not available: ‘Rmpi’
See section ‘The DESCRIPTION file’ in the ‘Writing R Extensions’
manual.
Flavors: r-release-macos-arm64, r-release-macos-x86_64, r-oldrel-macos-arm64, r-oldrel-macos-x86_64
These binaries (installable software) and packages are in development.
They may not be fully stable and should be used with caution. We make no claims about them.