CRAN Package Check Results for Package bigSurvSGD

Last updated on 2025-07-21 19:49:39 CEST.

Flavor Version Tinstall Tcheck Ttotal Status Flags
r-devel-linux-x86_64-debian-clang 0.0.1 22.29 29.26 51.55 NOTE
r-devel-linux-x86_64-debian-gcc 0.0.1 17.57 24.01 41.58 NOTE
r-devel-linux-x86_64-fedora-clang 0.0.1 89.87 NOTE
r-devel-linux-x86_64-fedora-gcc 0.0.1 89.91 NOTE
r-devel-windows-x86_64 0.0.1 28.00 66.00 94.00 OK
r-patched-linux-x86_64 0.0.1 25.45 28.15 53.60 OK
r-release-linux-x86_64 0.0.1 23.61 28.12 51.73 OK
r-release-macos-arm64 0.0.1 31.00 OK
r-release-macos-x86_64 0.0.1 44.00 OK
r-release-windows-x86_64 0.0.1 28.00 66.00 94.00 OK
r-oldrel-macos-arm64 0.0.1 31.00 OK
r-oldrel-macos-x86_64 0.0.1 36.00 OK
r-oldrel-windows-x86_64 0.0.1 35.00 79.00 114.00 OK

Check Details

Version: 0.0.1
Check: CRAN incoming feasibility
Result: NOTE Maintainer: ‘Aliasghar Tarkhan <atarkhan@uw.edu>’ The Description field contains <arXiv:2003.00116v2>. Please refer to arXiv e-prints via their arXiv DOI <doi:10.48550/arXiv.YYMM.NNNNN>. Flavors: r-devel-linux-x86_64-debian-clang, r-devel-linux-x86_64-debian-gcc

Version: 0.0.1
Check: dependencies in R code
Result: NOTE Namespace in Imports field not imported from: ‘survival’ All declared Imports should be used. Flavors: r-devel-linux-x86_64-fedora-clang, r-devel-linux-x86_64-fedora-gcc

These binaries (installable software) and packages are in development.
They may not be fully stable and should be used with caution. We make no claims about them.