Last updated on 2025-02-23 13:51:04 CET.
Flavor | Version | Tinstall | Tcheck | Ttotal | Status | Flags |
---|---|---|---|---|---|---|
r-devel-linux-x86_64-debian-clang | 0.0.1 | 22.37 | 28.88 | 51.25 | OK | |
r-devel-linux-x86_64-debian-gcc | 0.0.1 | 15.81 | 22.59 | 38.40 | OK | |
r-devel-linux-x86_64-fedora-clang | 0.0.1 | 89.70 | NOTE | |||
r-devel-linux-x86_64-fedora-gcc | 0.0.1 | 91.60 | NOTE | |||
r-devel-macos-arm64 | 0.0.1 | 29.00 | OK | |||
r-devel-macos-x86_64 | 0.0.1 | 49.00 | OK | |||
r-devel-windows-x86_64 | 0.0.1 | 26.00 | 68.00 | 94.00 | OK | |
r-patched-linux-x86_64 | 0.0.1 | 25.28 | 27.26 | 52.54 | OK | |
r-release-linux-x86_64 | 0.0.1 | 26.05 | 27.20 | 53.25 | OK | |
r-release-macos-arm64 | 0.0.1 | 31.00 | OK | |||
r-release-macos-x86_64 | 0.0.1 | 36.00 | OK | |||
r-release-windows-x86_64 | 0.0.1 | 27.00 | 65.00 | 92.00 | OK | |
r-oldrel-macos-arm64 | 0.0.1 | 35.00 | OK | |||
r-oldrel-macos-x86_64 | 0.0.1 | 50.00 | OK | |||
r-oldrel-windows-x86_64 | 0.0.1 | 32.00 | 76.00 | 108.00 | OK |
Version: 0.0.1
Check: dependencies in R code
Result: NOTE
Namespace in Imports field not imported from: ‘survival’
All declared Imports should be used.
Flavors: r-devel-linux-x86_64-fedora-clang, r-devel-linux-x86_64-fedora-gcc
These binaries (installable software) and packages are in development.
They may not be fully stable and should be used with caution. We make no claims about them.