Last updated on 2025-10-24 05:50:33 CEST.
| Flavor | Version | Tinstall | Tcheck | Ttotal | Status | Flags |
|---|---|---|---|---|---|---|
| r-devel-linux-x86_64-debian-clang | 1.1 | 3.93 | 34.61 | 38.54 | NOTE | |
| r-devel-linux-x86_64-debian-gcc | 1.1 | 3.22 | 27.00 | 30.22 | NOTE | |
| r-devel-linux-x86_64-fedora-clang | 1.1 | 15.00 | 45.45 | 60.45 | OK | |
| r-devel-linux-x86_64-fedora-gcc | 1.1 | 55.27 | OK | |||
| r-devel-windows-x86_64 | 1.1 | 8.00 | 54.00 | 62.00 | OK | |
| r-patched-linux-x86_64 | 1.1 | 3.60 | 32.91 | 36.51 | OK | |
| r-release-linux-x86_64 | 1.1 | 3.45 | 33.29 | 36.74 | OK | |
| r-release-macos-arm64 | 1.1 | 5.00 | 24.00 | 29.00 | OK | |
| r-release-macos-x86_64 | 1.1 | 6.00 | 40.00 | 46.00 | OK | |
| r-release-windows-x86_64 | 1.1 | 7.00 | 56.00 | 63.00 | OK | |
| r-oldrel-macos-arm64 | 1.1 | 4.00 | 20.00 | 24.00 | OK | |
| r-oldrel-macos-x86_64 | 1.1 | 5.00 | 33.00 | 38.00 | OK | |
| r-oldrel-windows-x86_64 | 1.1 | 8.00 | 63.00 | 71.00 | OK |
Version: 1.1
Check: CRAN incoming feasibility
Result: NOTE
Maintainer: ‘Gabriel Martos <gmartos@utdt.edu>’
Package CITATION file contains call(s) to old-style personList() or
as.personList(). Please use c() on person objects instead.
Package CITATION file contains call(s) to old-style citEntry(). Please
use bibentry() instead.
Found the following \keyword or \concept entries
which likely give several index terms:
File ‘entropy.fd.Rd’:
\keyword{rkhs, Entropy}
Flavors: r-devel-linux-x86_64-debian-clang, r-devel-linux-x86_64-debian-gcc
These binaries (installable software) and packages are in development.
They may not be fully stable and should be used with caution. We make no claims about them.