CRAN Package Check Results for Package bigergm

Last updated on 2025-05-01 08:52:28 CEST.

Flavor Version Tinstall Tcheck Ttotal Status Flags
r-devel-linux-x86_64-debian-clang 1.2.4 92.13 388.35 480.48 NOTE
r-devel-linux-x86_64-debian-gcc 1.2.4 67.86 272.28 340.14 OK
r-devel-linux-x86_64-fedora-clang 1.2.4 764.52 OK
r-devel-linux-x86_64-fedora-gcc 1.2.4 704.18 OK
r-devel-windows-x86_64 1.2.4 103.00 329.00 432.00 OK
r-patched-linux-x86_64 1.2.4 96.71 350.48 447.19 OK
r-release-linux-x86_64 OK
r-release-macos-arm64 1.2.4 181.00 OK
r-release-macos-x86_64 1.2.4 266.00 OK
r-release-windows-x86_64 1.2.4 106.00 339.00 445.00 OK
r-oldrel-macos-arm64 1.2.4 190.00 NOTE
r-oldrel-macos-x86_64 1.2.4 289.00 NOTE
r-oldrel-windows-x86_64 1.2.4 120.00 456.00 576.00 OK

Check Details

Version: 1.2.4
Check: examples
Result: NOTE Examples with CPU (user + system) or elapsed time > 5s user system elapsed bigergm 5.41 0.203 3.932 Flavor: r-devel-linux-x86_64-debian-clang

Version: 1.2.4
Check: examples
Result: NA user system elapsed bigergm 6.051 0.087 5.894 OK Flavor: r-devel-linux-x86_64-debian-gcc

Version: 1.2.4
Check: installed package size
Result: NOTE installed size is 8.5Mb sub-directories of 1Mb or more: data 1.4Mb libs 6.2Mb Flavors: r-oldrel-macos-arm64, r-oldrel-macos-x86_64

These binaries (installable software) and packages are in development.
They may not be fully stable and should be used with caution. We make no claims about them.