Last updated on 2025-11-12 18:50:28 CET.
| Flavor | Version | Tinstall | Tcheck | Ttotal | Status | Flags |
|---|---|---|---|---|---|---|
| r-devel-linux-x86_64-debian-clang | 1.6.1 | 87.97 | 98.43 | 186.40 | NOTE | |
| r-devel-linux-x86_64-debian-gcc | 1.6.1 | 57.93 | 72.88 | 130.81 | NOTE | |
| r-devel-linux-x86_64-fedora-clang | 1.6.1 | 547.00 | -184.10 | 362.90 | NOTE | |
| r-devel-linux-x86_64-fedora-gcc | 1.6.1 | 125.00 | 196.93 | 321.93 | NOTE | |
| r-devel-windows-x86_64 | 1.6.1 | 112.00 | 157.00 | 269.00 | NOTE | |
| r-patched-linux-x86_64 | 1.6.1 | 94.73 | 93.45 | 188.18 | OK | |
| r-release-linux-x86_64 | 1.6.1 | 96.02 | 93.20 | 189.22 | OK | |
| r-release-macos-arm64 | 1.6.1 | 32.00 | 81.00 | 113.00 | OK | |
| r-release-macos-x86_64 | 1.6.1 | 35.00 | 120.00 | 155.00 | OK | |
| r-release-windows-x86_64 | 1.6.1 | 110.00 | 156.00 | 266.00 | OK | |
| r-oldrel-macos-arm64 | 1.6.1 | 30.00 | 57.00 | 87.00 | NOTE | |
| r-oldrel-macos-x86_64 | 1.6.1 | 34.00 | 124.00 | 158.00 | NOTE | |
| r-oldrel-windows-x86_64 | 1.6.1 | 131.00 | 187.00 | 318.00 | OK |
Version: 1.6.1
Check: Rd files
Result: NOTE
checkRd: (-1) biglasso-package.Rd:87-90: Only 5 columns allowed in this table (row 4 has 1)
Flavors: r-devel-linux-x86_64-debian-clang, r-devel-linux-x86_64-debian-gcc, r-devel-linux-x86_64-fedora-clang, r-devel-linux-x86_64-fedora-gcc, r-devel-windows-x86_64
Version: 1.6.1
Check: installed package size
Result: NOTE
installed size is 6.3Mb
sub-directories of 1Mb or more:
libs 5.4Mb
Flavors: r-oldrel-macos-arm64, r-oldrel-macos-x86_64
These binaries (installable software) and packages are in development.
They may not be fully stable and should be used with caution. We make no claims about them.