Last updated on 2025-10-23 15:49:47 CEST.
Flavor | Version | Tinstall | Tcheck | Ttotal | Status | Flags |
---|---|---|---|---|---|---|
r-devel-linux-x86_64-debian-clang | 1.6.1 | 86.73 | 99.04 | 185.77 | OK | |
r-devel-linux-x86_64-debian-gcc | 1.6.1 | 57.83 | 75.71 | 133.54 | OK | |
r-devel-linux-x86_64-fedora-clang | 1.6.1 | 198.00 | 139.80 | 337.80 | OK | |
r-devel-linux-x86_64-fedora-gcc | 1.6.1 | 113.00 | 212.97 | 325.97 | OK | |
r-devel-windows-x86_64 | 1.6.1 | 110.00 | 159.00 | 269.00 | OK | |
r-patched-linux-x86_64 | 1.6.1 | 93.43 | 94.34 | 187.77 | OK | |
r-release-linux-x86_64 | 1.6.1 | 93.35 | 94.57 | 187.92 | OK | |
r-release-macos-arm64 | 1.6.1 | 32.00 | 81.00 | 113.00 | OK | |
r-release-macos-x86_64 | 1.6.1 | 35.00 | 120.00 | 155.00 | OK | |
r-release-windows-x86_64 | 1.6.1 | 110.00 | 158.00 | 268.00 | OK | |
r-oldrel-macos-arm64 | 1.6.1 | 30.00 | 57.00 | 87.00 | NOTE | |
r-oldrel-macos-x86_64 | 1.6.1 | 34.00 | 124.00 | 158.00 | NOTE | |
r-oldrel-windows-x86_64 | 1.6.1 | 128.00 | 189.00 | 317.00 | OK |
Version: 1.6.1
Check: installed package size
Result: NOTE
installed size is 6.3Mb
sub-directories of 1Mb or more:
libs 5.4Mb
Flavors: r-oldrel-macos-arm64, r-oldrel-macos-x86_64
These binaries (installable software) and packages are in development.
They may not be fully stable and should be used with caution. We make no claims about them.